{"id":3,"date":"2024-09-17T09:15:10","date_gmt":"2024-09-17T06:15:10","guid":{"rendered":"https:\/\/blogit.metropolia.fi\/tartuterveyteenjahyvinvointiin\/etusivu\/"},"modified":"2024-10-03T11:12:21","modified_gmt":"2024-10-03T08:12:21","slug":"etusivu","status":"publish","type":"page","link":"https:\/\/blogit.metropolia.fi\/tartuterveyteenjahyvinvointiin\/","title":{"rendered":"Etusivu"},"content":{"rendered":"<button id=\"accordion-title-69ded859ef5b2\" class=\"accordion-block\" aria-label=\"Avaa: Bloggaajat\" aria-controls=\"accordion-title-69ded859ef5b2-content\" aria-expanded=\"\">\n\t<span class=\"material-symbols-outlined icon\" aria-hidden=\"true\">\n\t\tarrow_right\n\t<\/span>\n\t<span class=\"accordion-title\">\n\t\t\t\t\tBloggaajat\t\t\t<\/span>\n<\/button>\n\n\n<div id=\"accordion-title-69ded859ef5b2-content\" class=\"accordion-content\">\n\t\n<section  class=\"user-block\">\n\n\t\n\t\t<div class=\"user\">\n\t\t\t<div class=\"image\">\n\t\t\t\t\t\t\t\t\t<img decoding=\"async\" src=\"https:\/\/blogit.metropolia.fi\/tartuterveyteenjahyvinvointiin\/wp-content\/uploads\/2024\/09\/sydamella.png\" alt=\"\"\/>\n\t\t\t\t\t\t\t<\/div>\n\t\t\t<a class=\"author-link\" href=\"https:\/\/blogit.metropolia.fi\/tartuterveyteenjahyvinvointiin\/author\/m0600868\/\">\n\t\t\t\t<span class=\"name h3\">\n\t\t\t\t\tTerveyden edist\u00e4misen bloggaajat\t\t\t\t<\/span>\n\t\t\t<\/a>\n\t\t\t<span class=\"description\">\n\t\t\t\tBloggaajat ovat Metropolia Ammattikorkeakoulun terveyden edist\u00e4misen ylemm\u00e4n ammattikorkeakoulututkinnon opiskelijoita. Aiheet liittyv\u00e4t yksil\u00f6n ja yhteis\u00f6n terveyden ja hyvinvoinnin edist\u00e4miseen terveysviestinn\u00e4n avulla.\t\t\t<\/span>\n\t\t\t\t\t\t\t<a class=\"button transparent email\" href=\"mailto: teija.rautiola@metropolia.fi\" aria-label=\"L\u00e4het\u00e4 s\u00e4hk\u00f6postia osoitteeseen teija.rautiola@metropolia.fi\">Ota yhteytt\u00e4<\/a>\n\t\t\t\t\t<\/div>\n\n\t\n<\/section>\n\n<\/div>\n\n\n\n\n<button id=\"accordion-title-69ded859f1855\" class=\"accordion-block\" aria-label=\"Avaa: Uusimmat postaukset\" aria-controls=\"accordion-title-69ded859f1855-content\" aria-expanded=\"\">\n\t<span class=\"material-symbols-outlined icon\" aria-hidden=\"true\">\n\t\tarrow_right\n\t<\/span>\n\t<span class=\"accordion-title\">\n\t\t\t\t\tUusimmat postaukset\t\t\t<\/span>\n<\/button>\n\n\n<div id=\"accordion-title-69ded859f1855-content\" class=\"accordion-content\">\n\t\n<ul class=\"wp-block-latest-posts__list wp-block-latest-posts\"><li><a class=\"wp-block-latest-posts__post-title\" href=\"https:\/\/blogit.metropolia.fi\/tartuterveyteenjahyvinvointiin\/2024\/05\/28\/sosiaali-ja-terveysalojen-digitalisaatio-terveysviestinnan-nakokulmasta\/\">Sosiaali- ja terveysalojen digitalisaatio terveysviestinn\u00e4n n\u00e4k\u00f6kulmasta<\/a><\/li>\n<li><a class=\"wp-block-latest-posts__post-title\" href=\"https:\/\/blogit.metropolia.fi\/tartuterveyteenjahyvinvointiin\/2024\/04\/26\/tarvitseeko-kansantautien-ennaltaehkaisevaa-tyota-jatkaa\/\">Tarvitseeko kansantautien ennaltaehk\u00e4isev\u00e4\u00e4 ty\u00f6t\u00e4 jatkaa?<\/a><\/li>\n<li><a class=\"wp-block-latest-posts__post-title\" href=\"https:\/\/blogit.metropolia.fi\/tartuterveyteenjahyvinvointiin\/2024\/04\/15\/arvostavaa-kohtaamista-paihteita-kayttavien-kanssa-matalalla-kynnyksella\/\">Arvostavaa kohtaamista p\u00e4ihteit\u00e4 k\u00e4ytt\u00e4vien kanssa matalalla kynnyksell\u00e4<\/a><\/li>\n<\/ul>\n<\/div>\n\n\n\n\n<button id=\"accordion-title-69ded859f226f\" class=\"accordion-block\" aria-label=\"Avaa: Arkistot\" aria-controls=\"accordion-title-69ded859f226f-content\" aria-expanded=\"\">\n\t<span class=\"material-symbols-outlined icon\" aria-hidden=\"true\">\n\t\tarrow_right\n\t<\/span>\n\t<span class=\"accordion-title\">\n\t\t\t\t\tArkistot\t\t\t<\/span>\n<\/button>\n\n\n<div id=\"accordion-title-69ded859f226f-content\" class=\"accordion-content\">\n\t\n<ul class=\"wp-block-archives-list wp-block-archives\">\t<li><a href='https:\/\/blogit.metropolia.fi\/tartuterveyteenjahyvinvointiin\/2024\/'>2024<\/a>&nbsp;(8)<\/li>\n\t<li><a href='https:\/\/blogit.metropolia.fi\/tartuterveyteenjahyvinvointiin\/2023\/'>2023<\/a>&nbsp;(2)<\/li>\n\t<li><a href='https:\/\/blogit.metropolia.fi\/tartuterveyteenjahyvinvointiin\/2022\/'>2022<\/a>&nbsp;(2)<\/li>\n\t<li><a href='https:\/\/blogit.metropolia.fi\/tartuterveyteenjahyvinvointiin\/2021\/'>2021<\/a>&nbsp;(19)<\/li>\n\t<li><a href='https:\/\/blogit.metropolia.fi\/tartuterveyteenjahyvinvointiin\/2020\/'>2020<\/a>&nbsp;(12)<\/li>\n\t<li><a href='https:\/\/blogit.metropolia.fi\/tartuterveyteenjahyvinvointiin\/2019\/'>2019<\/a>&nbsp;(2)<\/li>\n<\/ul>\n<\/div>\n\n\n\n\n<button id=\"accordion-title-69ded859f3f27\" class=\"accordion-block\" aria-label=\"Avaa: Avainsanat\" aria-controls=\"accordion-title-69ded859f3f27-content\" aria-expanded=\"\">\n\t<span class=\"material-symbols-outlined icon\" aria-hidden=\"true\">\n\t\tarrow_right\n\t<\/span>\n\t<span class=\"accordion-title\">\n\t\t\t\t\tAvainsanat\t\t\t<\/span>\n<\/button>\n\n\n<div id=\"accordion-title-69ded859f3f27-content\" class=\"accordion-content\">\n\t\n<p class=\"wp-block-tag-cloud\"><a href=\"https:\/\/blogit.metropolia.fi\/tartuterveyteenjahyvinvointiin\/tag\/agenda-2030\/\" class=\"tag-cloud-link tag-link-253 tag-link-position-1\" style=\"font-size: 14.461538461538pt;\" aria-label=\"Agenda 2030 (3 kohdetta)\">Agenda 2030<\/a>\n<a href=\"https:\/\/blogit.metropolia.fi\/tartuterveyteenjahyvinvointiin\/tag\/elvyttava\/\" class=\"tag-cloud-link tag-link-53 tag-link-position-2\" style=\"font-size: 8pt;\" aria-label=\"elvytt\u00e4v\u00e4 (1 kohde)\">elvytt\u00e4v\u00e4<\/a>\n<a href=\"https:\/\/blogit.metropolia.fi\/tartuterveyteenjahyvinvointiin\/tag\/elamantapamuutos\/\" class=\"tag-cloud-link tag-link-85 tag-link-position-3\" style=\"font-size: 11.876923076923pt;\" aria-label=\"el\u00e4m\u00e4ntapamuutos (2 kohdetta)\">el\u00e4m\u00e4ntapamuutos<\/a>\n<a href=\"https:\/\/blogit.metropolia.fi\/tartuterveyteenjahyvinvointiin\/tag\/ennaltaehkaisy\/\" class=\"tag-cloud-link tag-link-299 tag-link-position-4\" style=\"font-size: 14.461538461538pt;\" aria-label=\"ennaltaehk\u00e4isy (3 kohdetta)\">ennaltaehk\u00e4isy<\/a>\n<a href=\"https:\/\/blogit.metropolia.fi\/tartuterveyteenjahyvinvointiin\/tag\/hengitys\/\" class=\"tag-cloud-link tag-link-49 tag-link-position-5\" style=\"font-size: 8pt;\" aria-label=\"hengitys (1 kohde)\">hengitys<\/a>\n<a href=\"https:\/\/blogit.metropolia.fi\/tartuterveyteenjahyvinvointiin\/tag\/hpv-virus\/\" class=\"tag-cloud-link tag-link-21 tag-link-position-6\" style=\"font-size: 8pt;\" aria-label=\"HPV-virus (1 kohde)\">HPV-virus<\/a>\n<a href=\"https:\/\/blogit.metropolia.fi\/tartuterveyteenjahyvinvointiin\/tag\/huumausaineet\/\" class=\"tag-cloud-link tag-link-69 tag-link-position-7\" style=\"font-size: 8pt;\" aria-label=\"Huumausaineet (1 kohde)\">Huumausaineet<\/a>\n<a href=\"https:\/\/blogit.metropolia.fi\/tartuterveyteenjahyvinvointiin\/tag\/hyvinvoinnin-edistaminen\/\" class=\"tag-cloud-link tag-link-37 tag-link-position-8\" style=\"font-size: 8pt;\" aria-label=\"hyvinvoinnin edist\u00e4minen (1 kohde)\">hyvinvoinnin edist\u00e4minen<\/a>\n<a href=\"https:\/\/blogit.metropolia.fi\/tartuterveyteenjahyvinvointiin\/tag\/hyvinvointi\/\" class=\"tag-cloud-link tag-link-39 tag-link-position-9\" style=\"font-size: 18.338461538462pt;\" aria-label=\"hyvinvointi (5 kohdetta)\">hyvinvointi<\/a>\n<a href=\"https:\/\/blogit.metropolia.fi\/tartuterveyteenjahyvinvointiin\/tag\/hyotyliikunta\/\" class=\"tag-cloud-link tag-link-187 tag-link-position-10\" style=\"font-size: 11.876923076923pt;\" aria-label=\"hy\u00f6tyliikunta (2 kohdetta)\">hy\u00f6tyliikunta<\/a>\n<a href=\"https:\/\/blogit.metropolia.fi\/tartuterveyteenjahyvinvointiin\/tag\/ikaantyminen\/\" class=\"tag-cloud-link tag-link-31 tag-link-position-11\" style=\"font-size: 8pt;\" aria-label=\"ik\u00e4\u00e4ntyminen (1 kohde)\">ik\u00e4\u00e4ntyminen<\/a>\n<a href=\"https:\/\/blogit.metropolia.fi\/tartuterveyteenjahyvinvointiin\/tag\/kannabis\/\" class=\"tag-cloud-link tag-link-71 tag-link-position-12\" style=\"font-size: 8pt;\" aria-label=\"Kannabis (1 kohde)\">Kannabis<\/a>\n<a href=\"https:\/\/blogit.metropolia.fi\/tartuterveyteenjahyvinvointiin\/tag\/kansalaisaloite\/\" class=\"tag-cloud-link tag-link-73 tag-link-position-13\" style=\"font-size: 8pt;\" aria-label=\"Kansalaisaloite (1 kohde)\">Kansalaisaloite<\/a>\n<a href=\"https:\/\/blogit.metropolia.fi\/tartuterveyteenjahyvinvointiin\/tag\/kansansairaudet\/\" class=\"tag-cloud-link tag-link-215 tag-link-position-14\" style=\"font-size: 11.876923076923pt;\" aria-label=\"kansansairaudet (2 kohdetta)\">kansansairaudet<\/a>\n<a href=\"https:\/\/blogit.metropolia.fi\/tartuterveyteenjahyvinvointiin\/tag\/kestavyyskunto\/\" class=\"tag-cloud-link tag-link-33 tag-link-position-15\" style=\"font-size: 8pt;\" aria-label=\"kest\u00e4vyyskunto (1 kohde)\">kest\u00e4vyyskunto<\/a>\n<a href=\"https:\/\/blogit.metropolia.fi\/tartuterveyteenjahyvinvointiin\/tag\/kohdunkaulasyopa\/\" class=\"tag-cloud-link tag-link-23 tag-link-position-16\" style=\"font-size: 8pt;\" aria-label=\"Kohdunkaulasy\u00f6p\u00e4 (1 kohde)\">Kohdunkaulasy\u00f6p\u00e4<\/a>\n<a href=\"https:\/\/blogit.metropolia.fi\/tartuterveyteenjahyvinvointiin\/tag\/lihavuus\/\" class=\"tag-cloud-link tag-link-107 tag-link-position-17\" style=\"font-size: 11.876923076923pt;\" aria-label=\"lihavuus (2 kohdetta)\">lihavuus<\/a>\n<a href=\"https:\/\/blogit.metropolia.fi\/tartuterveyteenjahyvinvointiin\/tag\/liikkuminen\/\" class=\"tag-cloud-link tag-link-41 tag-link-position-18\" style=\"font-size: 8pt;\" aria-label=\"liikkuminen (1 kohde)\">liikkuminen<\/a>\n<a href=\"https:\/\/blogit.metropolia.fi\/tartuterveyteenjahyvinvointiin\/tag\/liikkumisen-suositus\/\" class=\"tag-cloud-link tag-link-43 tag-link-position-19\" style=\"font-size: 8pt;\" aria-label=\"liikkumisen suositus (1 kohde)\">liikkumisen suositus<\/a>\n<a href=\"https:\/\/blogit.metropolia.fi\/tartuterveyteenjahyvinvointiin\/tag\/liikkumissuositukset\/\" class=\"tag-cloud-link tag-link-241 tag-link-position-20\" style=\"font-size: 11.876923076923pt;\" aria-label=\"Liikkumissuositukset (2 kohdetta)\">Liikkumissuositukset<\/a>\n<a href=\"https:\/\/blogit.metropolia.fi\/tartuterveyteenjahyvinvointiin\/tag\/liikunta\/\" class=\"tag-cloud-link tag-link-35 tag-link-position-21\" style=\"font-size: 16.615384615385pt;\" aria-label=\"Liikunta (4 kohdetta)\">Liikunta<\/a>\n<a href=\"https:\/\/blogit.metropolia.fi\/tartuterveyteenjahyvinvointiin\/tag\/luontokokemus\/\" class=\"tag-cloud-link tag-link-55 tag-link-position-22\" style=\"font-size: 8pt;\" aria-label=\"luontokokemus (1 kohde)\">luontokokemus<\/a>\n<a href=\"https:\/\/blogit.metropolia.fi\/tartuterveyteenjahyvinvointiin\/tag\/moniammatillinen-yhteistyo\/\" class=\"tag-cloud-link tag-link-77 tag-link-position-23\" style=\"font-size: 8pt;\" aria-label=\"moniammatillinen yhteisty\u00f6 (1 kohde)\">moniammatillinen yhteisty\u00f6<\/a>\n<a href=\"https:\/\/blogit.metropolia.fi\/tartuterveyteenjahyvinvointiin\/tag\/myonteiset-tunteet\/\" class=\"tag-cloud-link tag-link-57 tag-link-position-24\" style=\"font-size: 8pt;\" aria-label=\"my\u00f6nteiset tunteet (1 kohde)\">my\u00f6nteiset tunteet<\/a>\n<a href=\"https:\/\/blogit.metropolia.fi\/tartuterveyteenjahyvinvointiin\/tag\/nukahtaminen\/\" class=\"tag-cloud-link tag-link-59 tag-link-position-25\" style=\"font-size: 8pt;\" aria-label=\"nukahtaminen (1 kohde)\">nukahtaminen<\/a>\n<a href=\"https:\/\/blogit.metropolia.fi\/tartuterveyteenjahyvinvointiin\/tag\/nukkuminen\/\" class=\"tag-cloud-link tag-link-61 tag-link-position-26\" style=\"font-size: 11.876923076923pt;\" aria-label=\"nukkuminen (2 kohdetta)\">nukkuminen<\/a>\n<a href=\"https:\/\/blogit.metropolia.fi\/tartuterveyteenjahyvinvointiin\/tag\/nuorten-suun-terveys\/\" class=\"tag-cloud-link tag-link-79 tag-link-position-27\" style=\"font-size: 8pt;\" aria-label=\"nuorten suun terveys (1 kohde)\">nuorten suun terveys<\/a>\n<a href=\"https:\/\/blogit.metropolia.fi\/tartuterveyteenjahyvinvointiin\/tag\/pallea\/\" class=\"tag-cloud-link tag-link-51 tag-link-position-28\" style=\"font-size: 8pt;\" aria-label=\"pallea (1 kohde)\">pallea<\/a>\n<a href=\"https:\/\/blogit.metropolia.fi\/tartuterveyteenjahyvinvointiin\/tag\/papilloomavirus\/\" class=\"tag-cloud-link tag-link-25 tag-link-position-29\" style=\"font-size: 8pt;\" aria-label=\"Papilloomavirus (1 kohde)\">Papilloomavirus<\/a>\n<a href=\"https:\/\/blogit.metropolia.fi\/tartuterveyteenjahyvinvointiin\/tag\/poikien-rokotusohjelma\/\" class=\"tag-cloud-link tag-link-27 tag-link-position-30\" style=\"font-size: 8pt;\" aria-label=\"Poikien rokotusohjelma (1 kohde)\">Poikien rokotusohjelma<\/a>\n<a href=\"https:\/\/blogit.metropolia.fi\/tartuterveyteenjahyvinvointiin\/tag\/rangaistavuus\/\" class=\"tag-cloud-link tag-link-75 tag-link-position-31\" style=\"font-size: 8pt;\" aria-label=\"Rangaistavuus (1 kohde)\">Rangaistavuus<\/a>\n<a href=\"https:\/\/blogit.metropolia.fi\/tartuterveyteenjahyvinvointiin\/tag\/raskaus\/\" class=\"tag-cloud-link tag-link-87 tag-link-position-32\" style=\"font-size: 11.876923076923pt;\" aria-label=\"raskaus (2 kohdetta)\">raskaus<\/a>\n<a href=\"https:\/\/blogit.metropolia.fi\/tartuterveyteenjahyvinvointiin\/tag\/raskausdiabetes\/\" class=\"tag-cloud-link tag-link-89 tag-link-position-33\" style=\"font-size: 8pt;\" aria-label=\"raskausdiabetes (1 kohde)\">raskausdiabetes<\/a>\n<a href=\"https:\/\/blogit.metropolia.fi\/tartuterveyteenjahyvinvointiin\/tag\/ravitsemussuositukset\/\" class=\"tag-cloud-link tag-link-179 tag-link-position-34\" style=\"font-size: 11.876923076923pt;\" aria-label=\"ravitsemussuositukset (2 kohdetta)\">ravitsemussuositukset<\/a>\n<a href=\"https:\/\/blogit.metropolia.fi\/tartuterveyteenjahyvinvointiin\/tag\/ruokavalio\/\" class=\"tag-cloud-link tag-link-91 tag-link-position-35\" style=\"font-size: 8pt;\" aria-label=\"ruokavalio (1 kohde)\">ruokavalio<\/a>\n<a href=\"https:\/\/blogit.metropolia.fi\/tartuterveyteenjahyvinvointiin\/tag\/suun-terveyden-edistaminen\/\" class=\"tag-cloud-link tag-link-81 tag-link-position-36\" style=\"font-size: 8pt;\" aria-label=\"suun terveyden edist\u00e4minen (1 kohde)\">suun terveyden edist\u00e4minen<\/a>\n<a href=\"https:\/\/blogit.metropolia.fi\/tartuterveyteenjahyvinvointiin\/tag\/terveyden-edistaminen\/\" class=\"tag-cloud-link tag-link-45 tag-link-position-37\" style=\"font-size: 22pt;\" aria-label=\"terveyden edist\u00e4minen (8 kohdetta)\">terveyden edist\u00e4minen<\/a>\n<a href=\"https:\/\/blogit.metropolia.fi\/tartuterveyteenjahyvinvointiin\/tag\/terveys\/\" class=\"tag-cloud-link tag-link-47 tag-link-position-38\" style=\"font-size: 16.615384615385pt;\" aria-label=\"terveys (4 kohdetta)\">terveys<\/a>\n<a href=\"https:\/\/blogit.metropolia.fi\/tartuterveyteenjahyvinvointiin\/tag\/terveyskayttaytyminen\/\" class=\"tag-cloud-link tag-link-83 tag-link-position-39\" style=\"font-size: 8pt;\" aria-label=\"terveysk\u00e4ytt\u00e4ytyminen (1 kohde)\">terveysk\u00e4ytt\u00e4ytyminen<\/a>\n<a href=\"https:\/\/blogit.metropolia.fi\/tartuterveyteenjahyvinvointiin\/tag\/terveysvaikutus\/\" class=\"tag-cloud-link tag-link-191 tag-link-position-40\" style=\"font-size: 11.876923076923pt;\" aria-label=\"terveysvaikutus (2 kohdetta)\">terveysvaikutus<\/a>\n<a href=\"https:\/\/blogit.metropolia.fi\/tartuterveyteenjahyvinvointiin\/tag\/tyttojen-rokotusohjelma\/\" class=\"tag-cloud-link tag-link-29 tag-link-position-41\" style=\"font-size: 8pt;\" aria-label=\"Tytt\u00f6jen rokotusohjelma (1 kohde)\">Tytt\u00f6jen rokotusohjelma<\/a>\n<a href=\"https:\/\/blogit.metropolia.fi\/tartuterveyteenjahyvinvointiin\/tag\/tyohyvinvointi\/\" class=\"tag-cloud-link tag-link-125 tag-link-position-42\" style=\"font-size: 11.876923076923pt;\" aria-label=\"ty\u00f6hyvinvointi (2 kohdetta)\">ty\u00f6hyvinvointi<\/a>\n<a href=\"https:\/\/blogit.metropolia.fi\/tartuterveyteenjahyvinvointiin\/tag\/uni\/\" class=\"tag-cloud-link tag-link-63 tag-link-position-43\" style=\"font-size: 11.876923076923pt;\" aria-label=\"uni (2 kohdetta)\">uni<\/a>\n<a href=\"https:\/\/blogit.metropolia.fi\/tartuterveyteenjahyvinvointiin\/tag\/unihairio\/\" class=\"tag-cloud-link tag-link-65 tag-link-position-44\" style=\"font-size: 8pt;\" aria-label=\"unih\u00e4iri\u00f6 (1 kohde)\">unih\u00e4iri\u00f6<\/a>\n<a href=\"https:\/\/blogit.metropolia.fi\/tartuterveyteenjahyvinvointiin\/tag\/univaikeudet\/\" class=\"tag-cloud-link tag-link-67 tag-link-position-45\" style=\"font-size: 8pt;\" aria-label=\"univaikeudet (1 kohde)\">univaikeudet<\/a><\/p>\n<\/div>\n\n\n","protected":false},"excerpt":{"rendered":"","protected":false},"author":3,"featured_media":0,"parent":0,"menu_order":0,"comment_status":"closed","ping_status":"closed","template":"blog-homepage.php","meta":{"_acf_changed":false,"_exactmetrics_skip_tracking":false,"_exactmetrics_sitenote_active":false,"_exactmetrics_sitenote_note":"","_exactmetrics_sitenote_category":0,"footnotes":""},"class_list":["post-3","page","type-page","status-publish","hentry"],"acf":[],"yoast_head":"<!-- This site is optimized with the Yoast SEO plugin v27.3 - https:\/\/yoast.com\/product\/yoast-seo-wordpress\/ -->\n<title>Tartu terveyteen ja hyvinvointiin - Metropolian blogit<\/title>\n<meta name=\"description\" content=\"Terveysalan ylemm\u00e4n AMK-tutkinnon opiskelijat tarjoavat blogissa luotettavia reseptej\u00e4 oman terveyden ja hyvinvoinnin edist\u00e4miseen.\" \/>\n<meta name=\"robots\" content=\"index, follow, max-snippet:-1, max-image-preview:large, max-video-preview:-1\" \/>\n<link rel=\"canonical\" href=\"https:\/\/blogit.metropolia.fi\/tartuterveyteenjahyvinvointiin\/\" \/>\n<meta property=\"og:locale\" content=\"fi_FI\" \/>\n<meta property=\"og:type\" content=\"article\" \/>\n<meta property=\"og:title\" content=\"Tartu terveyteen ja hyvinvointiin - Metropolian blogit\" \/>\n<meta property=\"og:description\" content=\"Terveysalan ylemm\u00e4n AMK-tutkinnon opiskelijat tarjoavat blogissa luotettavia reseptej\u00e4 oman terveyden ja hyvinvoinnin edist\u00e4miseen.\" \/>\n<meta property=\"og:url\" content=\"https:\/\/blogit.metropolia.fi\/tartuterveyteenjahyvinvointiin\/\" \/>\n<meta property=\"og:site_name\" content=\"Tartu terveyteen ja hyvinvointiin\" \/>\n<meta property=\"article:modified_time\" content=\"2024-10-03T08:12:21+00:00\" \/>\n<meta name=\"twitter:card\" content=\"summary_large_image\" \/>\n<script type=\"application\/ld+json\" class=\"yoast-schema-graph\">{\"@context\":\"https:\\\/\\\/schema.org\",\"@graph\":[{\"@type\":\"WebPage\",\"@id\":\"https:\\\/\\\/blogit.metropolia.fi\\\/tartuterveyteenjahyvinvointiin\\\/\",\"url\":\"https:\\\/\\\/blogit.metropolia.fi\\\/tartuterveyteenjahyvinvointiin\\\/\",\"name\":\"Tartu terveyteen ja hyvinvointiin - Metropolian blogit\",\"isPartOf\":{\"@id\":\"https:\\\/\\\/blogit.metropolia.fi\\\/tartuterveyteenjahyvinvointiin\\\/#website\"},\"datePublished\":\"2024-09-17T06:15:10+00:00\",\"dateModified\":\"2024-10-03T08:12:21+00:00\",\"description\":\"Terveysalan ylemm\u00e4n AMK-tutkinnon opiskelijat tarjoavat blogissa luotettavia reseptej\u00e4 oman terveyden ja hyvinvoinnin edist\u00e4miseen.\",\"breadcrumb\":{\"@id\":\"https:\\\/\\\/blogit.metropolia.fi\\\/tartuterveyteenjahyvinvointiin\\\/#breadcrumb\"},\"inLanguage\":\"fi\",\"potentialAction\":[{\"@type\":\"ReadAction\",\"target\":[\"https:\\\/\\\/blogit.metropolia.fi\\\/tartuterveyteenjahyvinvointiin\\\/\"]}]},{\"@type\":\"BreadcrumbList\",\"@id\":\"https:\\\/\\\/blogit.metropolia.fi\\\/tartuterveyteenjahyvinvointiin\\\/#breadcrumb\",\"itemListElement\":[{\"@type\":\"ListItem\",\"position\":1,\"name\":\"Etusivu\",\"item\":\"https:\\\/\\\/blogit.metropolia.fi\\\/tartuterveyteenjahyvinvointiin\\\/\"},{\"@type\":\"ListItem\",\"position\":2,\"name\":\"Etusivu\"}]},{\"@type\":\"WebSite\",\"@id\":\"https:\\\/\\\/blogit.metropolia.fi\\\/tartuterveyteenjahyvinvointiin\\\/#website\",\"url\":\"https:\\\/\\\/blogit.metropolia.fi\\\/tartuterveyteenjahyvinvointiin\\\/\",\"name\":\"Tartu terveyteen ja hyvinvointiin\",\"description\":\"Pystyt vaikuttamaan omaan terveyteesi ja hyvinvointiisi; me tarjoamme luotettavia reseptej\u00e4 siihen.\",\"potentialAction\":[{\"@type\":\"SearchAction\",\"target\":{\"@type\":\"EntryPoint\",\"urlTemplate\":\"https:\\\/\\\/blogit.metropolia.fi\\\/tartuterveyteenjahyvinvointiin\\\/?s={search_term_string}\"},\"query-input\":{\"@type\":\"PropertyValueSpecification\",\"valueRequired\":true,\"valueName\":\"search_term_string\"}}],\"inLanguage\":\"fi\"}]}<\/script>\n<!-- \/ Yoast SEO plugin. -->","yoast_head_json":{"title":"Tartu terveyteen ja hyvinvointiin - Metropolian blogit","description":"Terveysalan ylemm\u00e4n AMK-tutkinnon opiskelijat tarjoavat blogissa luotettavia reseptej\u00e4 oman terveyden ja hyvinvoinnin edist\u00e4miseen.","robots":{"index":"index","follow":"follow","max-snippet":"max-snippet:-1","max-image-preview":"max-image-preview:large","max-video-preview":"max-video-preview:-1"},"canonical":"https:\/\/blogit.metropolia.fi\/tartuterveyteenjahyvinvointiin\/","og_locale":"fi_FI","og_type":"article","og_title":"Tartu terveyteen ja hyvinvointiin - Metropolian blogit","og_description":"Terveysalan ylemm\u00e4n AMK-tutkinnon opiskelijat tarjoavat blogissa luotettavia reseptej\u00e4 oman terveyden ja hyvinvoinnin edist\u00e4miseen.","og_url":"https:\/\/blogit.metropolia.fi\/tartuterveyteenjahyvinvointiin\/","og_site_name":"Tartu terveyteen ja hyvinvointiin","article_modified_time":"2024-10-03T08:12:21+00:00","twitter_card":"summary_large_image","schema":{"@context":"https:\/\/schema.org","@graph":[{"@type":"WebPage","@id":"https:\/\/blogit.metropolia.fi\/tartuterveyteenjahyvinvointiin\/","url":"https:\/\/blogit.metropolia.fi\/tartuterveyteenjahyvinvointiin\/","name":"Tartu terveyteen ja hyvinvointiin - Metropolian blogit","isPartOf":{"@id":"https:\/\/blogit.metropolia.fi\/tartuterveyteenjahyvinvointiin\/#website"},"datePublished":"2024-09-17T06:15:10+00:00","dateModified":"2024-10-03T08:12:21+00:00","description":"Terveysalan ylemm\u00e4n AMK-tutkinnon opiskelijat tarjoavat blogissa luotettavia reseptej\u00e4 oman terveyden ja hyvinvoinnin edist\u00e4miseen.","breadcrumb":{"@id":"https:\/\/blogit.metropolia.fi\/tartuterveyteenjahyvinvointiin\/#breadcrumb"},"inLanguage":"fi","potentialAction":[{"@type":"ReadAction","target":["https:\/\/blogit.metropolia.fi\/tartuterveyteenjahyvinvointiin\/"]}]},{"@type":"BreadcrumbList","@id":"https:\/\/blogit.metropolia.fi\/tartuterveyteenjahyvinvointiin\/#breadcrumb","itemListElement":[{"@type":"ListItem","position":1,"name":"Etusivu","item":"https:\/\/blogit.metropolia.fi\/tartuterveyteenjahyvinvointiin\/"},{"@type":"ListItem","position":2,"name":"Etusivu"}]},{"@type":"WebSite","@id":"https:\/\/blogit.metropolia.fi\/tartuterveyteenjahyvinvointiin\/#website","url":"https:\/\/blogit.metropolia.fi\/tartuterveyteenjahyvinvointiin\/","name":"Tartu terveyteen ja hyvinvointiin","description":"Pystyt vaikuttamaan omaan terveyteesi ja hyvinvointiisi; me tarjoamme luotettavia reseptej\u00e4 siihen.","potentialAction":[{"@type":"SearchAction","target":{"@type":"EntryPoint","urlTemplate":"https:\/\/blogit.metropolia.fi\/tartuterveyteenjahyvinvointiin\/?s={search_term_string}"},"query-input":{"@type":"PropertyValueSpecification","valueRequired":true,"valueName":"search_term_string"}}],"inLanguage":"fi"}]}},"lang":"fi","translations":{"fi":3},"pll_sync_post":[],"_links":{"self":[{"href":"https:\/\/blogit.metropolia.fi\/tartuterveyteenjahyvinvointiin\/wp-json\/wp\/v2\/pages\/3","targetHints":{"allow":["GET"]}}],"collection":[{"href":"https:\/\/blogit.metropolia.fi\/tartuterveyteenjahyvinvointiin\/wp-json\/wp\/v2\/pages"}],"about":[{"href":"https:\/\/blogit.metropolia.fi\/tartuterveyteenjahyvinvointiin\/wp-json\/wp\/v2\/types\/page"}],"author":[{"embeddable":true,"href":"https:\/\/blogit.metropolia.fi\/tartuterveyteenjahyvinvointiin\/wp-json\/wp\/v2\/users\/3"}],"replies":[{"embeddable":true,"href":"https:\/\/blogit.metropolia.fi\/tartuterveyteenjahyvinvointiin\/wp-json\/wp\/v2\/comments?post=3"}],"version-history":[{"count":2,"href":"https:\/\/blogit.metropolia.fi\/tartuterveyteenjahyvinvointiin\/wp-json\/wp\/v2\/pages\/3\/revisions"}],"predecessor-version":[{"id":271,"href":"https:\/\/blogit.metropolia.fi\/tartuterveyteenjahyvinvointiin\/wp-json\/wp\/v2\/pages\/3\/revisions\/271"}],"wp:attachment":[{"href":"https:\/\/blogit.metropolia.fi\/tartuterveyteenjahyvinvointiin\/wp-json\/wp\/v2\/media?parent=3"}],"curies":[{"name":"wp","href":"https:\/\/api.w.org\/{rel}","templated":true}]}}