{"id":3,"date":"2024-09-17T08:16:29","date_gmt":"2024-09-17T05:16:29","guid":{"rendered":"https:\/\/blogit.metropolia.fi\/sotemuotoilijat\/etusivu\/"},"modified":"2024-10-03T10:33:02","modified_gmt":"2024-10-03T07:33:02","slug":"etusivu","status":"publish","type":"page","link":"https:\/\/blogit.metropolia.fi\/sotemuotoilijat\/","title":{"rendered":"Etusivu"},"content":{"rendered":"<button id=\"accordion-title-69d75bfea6806\" class=\"accordion-block\" aria-label=\"Avaa: Bloggaajat\" aria-controls=\"accordion-title-69d75bfea6806-content\" aria-expanded=\"\">\n\t<span class=\"material-symbols-outlined icon\" aria-hidden=\"true\">\n\t\tarrow_right\n\t<\/span>\n\t<span class=\"accordion-title\">\n\t\t\t\t\tBloggaajat\t\t\t<\/span>\n<\/button>\n\n\n<div id=\"accordion-title-69d75bfea6806-content\" class=\"accordion-content\">\n\t\n<section  class=\"user-block\">\n\n\t\n\t\t<div class=\"user\">\n\t\t\t<div class=\"image\">\n\t\t\t\t\t\t\t\t\t<img decoding=\"async\" src=\"https:\/\/blogit.metropolia.fi\/sotemuotoilijat\/wp-content\/uploads\/2024\/12\/Mari-Virtanen.jpg\" alt=\"\"\/>\n\t\t\t\t\t\t\t<\/div>\n\t\t\t<a class=\"author-link\" href=\"https:\/\/blogit.metropolia.fi\/sotemuotoilijat\/author\/marivi\/\">\n\t\t\t\t<span class=\"name h3\">\n\t\t\t\t\tMari Virtanen\t\t\t\t<\/span>\n\t\t\t<\/a>\n\t\t\t<span class=\"description\">\n\t\t\t\ton terveystieteilij\u00e4 (TtT), opettaja ja post doc-tutkija. Virtasen tutkimus- ja kehitt\u00e4misintressit keskittyv\u00e4t laajasti sote-alan digitaalisten palveluratkaisujen vaikuttavaan kehitt\u00e4miseen. H\u00e4n toimii avoimen jakamisen ja ketterien kokeilujen periaatteella, julkaisee runsaasti sek\u00e4 kansallisesti ett\u00e4 kansainv\u00e4lisesti ja toimii aktiivisesti sosiaalisen median kanavissa nimell\u00e4 Mari Lehtori Virtanen.\t\t\t<\/span>\n\t\t\t\t\t\t\t<a class=\"button transparent email\" href=\"mailto: mari.virtanen@metropolia.fi\" aria-label=\"L\u00e4het\u00e4 s\u00e4hk\u00f6postia osoitteeseen mari.virtanen@metropolia.fi\">Ota yhteytt\u00e4<\/a>\n\t\t\t\t\t<\/div>\n\n\t\n<\/section>\n\n\n<section  class=\"user-block\">\n\n\t\n\t\t<div class=\"user\">\n\t\t\t<div class=\"image\">\n\t\t\t\t\t\t\t\t\t<img decoding=\"async\" src=\"https:\/\/blogit.metropolia.fi\/sotemuotoilijat\/wp-content\/uploads\/2024\/09\/vierailija-profiili-2.jpg\" alt=\"\"\/>\n\t\t\t\t\t\t\t<\/div>\n\t\t\t<a class=\"author-link\" href=\"https:\/\/blogit.metropolia.fi\/sotemuotoilijat\/author\/vierailija\/\">\n\t\t\t\t<span class=\"name h3\">\n\t\t\t\t\tvierailija\t\t\t\t<\/span>\n\t\t\t<\/a>\n\t\t\t<span class=\"description\">\n\t\t\t\t\t\t\t<\/span>\n\t\t\t\t\t\t\t<a class=\"button transparent email\" href=\"mailto: viestinta@metropolia.fi\" aria-label=\"L\u00e4het\u00e4 s\u00e4hk\u00f6postia osoitteeseen viestinta@metropolia.fi\">Ota yhteytt\u00e4<\/a>\n\t\t\t\t\t<\/div>\n\n\t\n<\/section>\n\n<\/div>\n\n\n\n\n<button id=\"accordion-title-69d75bfea69e3\" class=\"accordion-block\" aria-label=\"Avaa: Blogin toimituskunta\" aria-controls=\"accordion-title-69d75bfea69e3-content\" aria-expanded=\"\">\n\t<span class=\"material-symbols-outlined icon\" aria-hidden=\"true\">\n\t\tarrow_right\n\t<\/span>\n\t<span class=\"accordion-title\">\n\t\t\t\t\tBlogin toimituskunta\t\t\t<\/span>\n<\/button>\n\n\n<div id=\"accordion-title-69d75bfea69e3-content\" class=\"accordion-content\">\n\t\n\n<p>Mari Virtanen, p\u00e4\u00e4toimittaja, yliopettaja TtT, terveysalan digitalisaatio<br>Aino Vuorij\u00e4rvi, yliopettaja FT, suomen kieli ja viestint\u00e4<br>Salla Kivel\u00e4, yliopettaja TtT, tutkimus ja kehitt\u00e4minen<br>S\u00e4hk\u00f6postiosoitteet:\u00a0etunimi.sukunimi@metropolia.fi<br><br>Sotemuotoilijat- blogin tekstit k\u00e4sitell\u00e4\u00e4n toimituskunnassa ennen niiden julkaisua. Toimituskunta on toiminut blogin perustamisesta alkaen (15.8.22).<br>Haluatko julkaista Sotemuotoilijoissa?\u00a0<a href=\"https:\/\/drive.google.com\/file\/d\/13PBshBUbvTIr8lvECDJUb-vOJBjWxbDO\/view?usp=sharing\">Lue kirjoittajaohjeet Drivess\u00e4\u00a0<\/a>ja ota yhteytt\u00e4 toimituskuntaan<\/p>\n\n<\/div>\n\n\n\n\n<button id=\"accordion-title-69d75bfea8657\" class=\"accordion-block\" aria-label=\"Avaa: Uusimmat postaukset\" aria-controls=\"accordion-title-69d75bfea8657-content\" aria-expanded=\"\">\n\t<span class=\"material-symbols-outlined icon\" aria-hidden=\"true\">\n\t\tarrow_right\n\t<\/span>\n\t<span class=\"accordion-title\">\n\t\t\t\t\tUusimmat postaukset\t\t\t<\/span>\n<\/button>\n\n\n<div id=\"accordion-title-69d75bfea8657-content\" class=\"accordion-content\">\n\t\n<ul class=\"wp-block-latest-posts__list wp-block-latest-posts\"><li><a class=\"wp-block-latest-posts__post-title\" href=\"https:\/\/blogit.metropolia.fi\/sotemuotoilijat\/2024\/11\/15\/metrospektiivi-vie-jatkossa-myos-sotemuotoilun-aarelle\/\">Metrospektiivi vie jatkossa my\u00f6s sotemuotoilun \u00e4\u00e4relle<\/a><\/li>\n<li><a class=\"wp-block-latest-posts__post-title\" href=\"https:\/\/blogit.metropolia.fi\/sotemuotoilijat\/2024\/11\/12\/kielellinen-saavutettavuus-opiskelu-ja-tyoyhteisoissa-tekoalysta-apua-selkokieliseen-viestintaan\/\">Kielellinen saavutettavuus opiskelu- ja ty\u00f6yhteis\u00f6iss\u00e4: Teko\u00e4lyst\u00e4 apua selkokieliseen viestint\u00e4\u00e4n<\/a><\/li>\n<li><a class=\"wp-block-latest-posts__post-title\" href=\"https:\/\/blogit.metropolia.fi\/sotemuotoilijat\/2024\/11\/06\/asiantuntija-tanssii-tekstien-kanssa-2-2-kirjoittajan-ja-tekoalyavustajan-vuorovaikutus\/\">Asiantuntija tanssii tekstien kanssa 2\/2: Kirjoittajan ja teko\u00e4lyavustajan vuorovaikutus<\/a><\/li>\n<\/ul>\n<\/div>\n\n\n\n\n<button id=\"accordion-title-69d75bfea8b1d\" class=\"accordion-block\" aria-label=\"Avaa: Arkistot\" aria-controls=\"accordion-title-69d75bfea8b1d-content\" aria-expanded=\"\">\n\t<span class=\"material-symbols-outlined icon\" aria-hidden=\"true\">\n\t\tarrow_right\n\t<\/span>\n\t<span class=\"accordion-title\">\n\t\t\t\t\tArkistot\t\t\t<\/span>\n<\/button>\n\n\n<div id=\"accordion-title-69d75bfea8b1d-content\" class=\"accordion-content\">\n\t\n<ul class=\"wp-block-archives-list wp-block-archives\">\t<li><a href='https:\/\/blogit.metropolia.fi\/sotemuotoilijat\/2024\/'>2024<\/a>&nbsp;(13)<\/li>\n\t<li><a href='https:\/\/blogit.metropolia.fi\/sotemuotoilijat\/2023\/'>2023<\/a>&nbsp;(14)<\/li>\n\t<li><a href='https:\/\/blogit.metropolia.fi\/sotemuotoilijat\/2022\/'>2022<\/a>&nbsp;(6)<\/li>\n<\/ul>\n<\/div>\n\n\n\n\n<button id=\"accordion-title-69d75bfeaa7d1\" class=\"accordion-block\" aria-label=\"Avaa: Avainsanat\" aria-controls=\"accordion-title-69d75bfeaa7d1-content\" aria-expanded=\"\">\n\t<span class=\"material-symbols-outlined icon\" aria-hidden=\"true\">\n\t\tarrow_right\n\t<\/span>\n\t<span class=\"accordion-title\">\n\t\t\t\t\tAvainsanat\t\t\t<\/span>\n<\/button>\n\n\n<div id=\"accordion-title-69d75bfeaa7d1-content\" class=\"accordion-content\">\n\t\n<p class=\"wp-block-tag-cloud\"><a href=\"https:\/\/blogit.metropolia.fi\/sotemuotoilijat\/tag\/aluekehitys\/\" class=\"tag-cloud-link tag-link-45 tag-link-position-1\" style=\"font-size: 8pt;\" aria-label=\"aluekehitys (1 kohde)\">aluekehitys<\/a>\n<a href=\"https:\/\/blogit.metropolia.fi\/sotemuotoilijat\/tag\/asiakaslahtoisyys\/\" class=\"tag-cloud-link tag-link-21 tag-link-position-2\" style=\"font-size: 10.117647058824pt;\" aria-label=\"asiakasl\u00e4ht\u00f6isyys (2 kohdetta)\">asiakasl\u00e4ht\u00f6isyys<\/a>\n<a href=\"https:\/\/blogit.metropolia.fi\/sotemuotoilijat\/tag\/asiantuntijaviestinta\/\" class=\"tag-cloud-link tag-link-308 tag-link-position-3\" style=\"font-size: 11.529411764706pt;\" aria-label=\"asiantuntijaviestint\u00e4 (3 kohdetta)\">asiantuntijaviestint\u00e4<\/a>\n<a href=\"https:\/\/blogit.metropolia.fi\/sotemuotoilijat\/tag\/bloggaus\/\" class=\"tag-cloud-link tag-link-23 tag-link-position-4\" style=\"font-size: 8pt;\" aria-label=\"bloggaus (1 kohde)\">bloggaus<\/a>\n<a href=\"https:\/\/blogit.metropolia.fi\/sotemuotoilijat\/tag\/digikliiniset\/\" class=\"tag-cloud-link tag-link-177 tag-link-position-5\" style=\"font-size: 14.470588235294pt;\" aria-label=\"digikliiniset (6 kohdetta)\">digikliiniset<\/a>\n<a href=\"https:\/\/blogit.metropolia.fi\/sotemuotoilijat\/tag\/digikliiniset-asiantuntijat\/\" class=\"tag-cloud-link tag-link-115 tag-link-position-6\" style=\"font-size: 12.705882352941pt;\" aria-label=\"digikliiniset asiantuntijat (4 kohdetta)\">digikliiniset asiantuntijat<\/a>\n<a href=\"https:\/\/blogit.metropolia.fi\/sotemuotoilijat\/tag\/digitalisaatio\/\" class=\"tag-cloud-link tag-link-117 tag-link-position-7\" style=\"font-size: 10.117647058824pt;\" aria-label=\"digitalisaatio (2 kohdetta)\">digitalisaatio<\/a>\n<a href=\"https:\/\/blogit.metropolia.fi\/sotemuotoilijat\/tag\/etiikka\/\" class=\"tag-cloud-link tag-link-73 tag-link-position-8\" style=\"font-size: 8pt;\" aria-label=\"etiikka (1 kohde)\">etiikka<\/a>\n<a href=\"https:\/\/blogit.metropolia.fi\/sotemuotoilijat\/tag\/etapalvelu\/\" class=\"tag-cloud-link tag-link-105 tag-link-position-9\" style=\"font-size: 10.117647058824pt;\" aria-label=\"et\u00e4palvelu (2 kohdetta)\">et\u00e4palvelu<\/a>\n<a href=\"https:\/\/blogit.metropolia.fi\/sotemuotoilijat\/tag\/etavastaanotto\/\" class=\"tag-cloud-link tag-link-107 tag-link-position-10\" style=\"font-size: 10.117647058824pt;\" aria-label=\"et\u00e4vastaanotto (2 kohdetta)\">et\u00e4vastaanotto<\/a>\n<a href=\"https:\/\/blogit.metropolia.fi\/sotemuotoilijat\/tag\/hymy-kyla\/\" class=\"tag-cloud-link tag-link-25 tag-link-position-11\" style=\"font-size: 11.529411764706pt;\" aria-label=\"HyMy-kyl\u00e4 (3 kohdetta)\">HyMy-kyl\u00e4<\/a>\n<a href=\"https:\/\/blogit.metropolia.fi\/sotemuotoilijat\/tag\/hyvat-kaytanteet\/\" class=\"tag-cloud-link tag-link-75 tag-link-position-12\" style=\"font-size: 8pt;\" aria-label=\"hyv\u00e4t k\u00e4yt\u00e4nteet (1 kohde)\">hyv\u00e4t k\u00e4yt\u00e4nteet<\/a>\n<a href=\"https:\/\/blogit.metropolia.fi\/sotemuotoilijat\/tag\/innovaatio-osaaminen\/\" class=\"tag-cloud-link tag-link-27 tag-link-position-13\" style=\"font-size: 8pt;\" aria-label=\"innovaatio-osaaminen (1 kohde)\">innovaatio-osaaminen<\/a>\n<a href=\"https:\/\/blogit.metropolia.fi\/sotemuotoilijat\/tag\/kliininen-asiantuntija\/\" class=\"tag-cloud-link tag-link-95 tag-link-position-14\" style=\"font-size: 13.647058823529pt;\" aria-label=\"kliininen asiantuntija (5 kohdetta)\">kliininen asiantuntija<\/a>\n<a href=\"https:\/\/blogit.metropolia.fi\/sotemuotoilijat\/tag\/kliininen-asiantuntija-digitaalisissa-toimintaymparistoissa\/\" class=\"tag-cloud-link tag-link-97 tag-link-position-15\" style=\"font-size: 10.117647058824pt;\" aria-label=\"kliininen asiantuntija digitaalisissa toimintaymp\u00e4rist\u00f6iss\u00e4 (2 kohdetta)\">kliininen asiantuntija digitaalisissa toimintaymp\u00e4rist\u00f6iss\u00e4<\/a>\n<a href=\"https:\/\/blogit.metropolia.fi\/sotemuotoilijat\/tag\/kuntouttava-tyotoiminta\/\" class=\"tag-cloud-link tag-link-63 tag-link-position-16\" style=\"font-size: 8pt;\" aria-label=\"kuntouttava ty\u00f6toiminta (1 kohde)\">kuntouttava ty\u00f6toiminta<\/a>\n<a href=\"https:\/\/blogit.metropolia.fi\/sotemuotoilijat\/tag\/metropolia-ammattikorkeakoulu\/\" class=\"tag-cloud-link tag-link-29 tag-link-position-17\" style=\"font-size: 8pt;\" aria-label=\"Metropolia Ammattikorkeakoulu (1 kohde)\">Metropolia Ammattikorkeakoulu<\/a>\n<a href=\"https:\/\/blogit.metropolia.fi\/sotemuotoilijat\/tag\/moninaisuus\/\" class=\"tag-cloud-link tag-link-167 tag-link-position-18\" style=\"font-size: 10.117647058824pt;\" aria-label=\"moninaisuus (2 kohdetta)\">moninaisuus<\/a>\n<a href=\"https:\/\/blogit.metropolia.fi\/sotemuotoilijat\/tag\/npt\/\" class=\"tag-cloud-link tag-link-49 tag-link-position-19\" style=\"font-size: 10.117647058824pt;\" aria-label=\"NPT (2 kohdetta)\">NPT<\/a>\n<a href=\"https:\/\/blogit.metropolia.fi\/sotemuotoilijat\/tag\/nayttoon-perustuva-toiminta\/\" class=\"tag-cloud-link tag-link-77 tag-link-position-20\" style=\"font-size: 8pt;\" aria-label=\"n\u00e4ytt\u00f6\u00f6n perustuva toiminta (1 kohde)\">n\u00e4ytt\u00f6\u00f6n perustuva toiminta<\/a>\n<a href=\"https:\/\/blogit.metropolia.fi\/sotemuotoilijat\/tag\/nayttoon-perustuvat-toiminta\/\" class=\"tag-cloud-link tag-link-47 tag-link-position-21\" style=\"font-size: 8pt;\" aria-label=\"n\u00e4ytt\u00f6\u00f6n perustuvat toiminta (1 kohde)\">n\u00e4ytt\u00f6\u00f6n perustuvat toiminta<\/a>\n<a href=\"https:\/\/blogit.metropolia.fi\/sotemuotoilijat\/tag\/osaaminen\/\" class=\"tag-cloud-link tag-link-221 tag-link-position-22\" style=\"font-size: 11.529411764706pt;\" aria-label=\"osaaminen (3 kohdetta)\">osaaminen<\/a>\n<a href=\"https:\/\/blogit.metropolia.fi\/sotemuotoilijat\/tag\/osaaminen-2035\/\" class=\"tag-cloud-link tag-link-51 tag-link-position-23\" style=\"font-size: 8pt;\" aria-label=\"Osaaminen 2035 (1 kohde)\">Osaaminen 2035<\/a>\n<a href=\"https:\/\/blogit.metropolia.fi\/sotemuotoilijat\/tag\/osaamisedellytykset\/\" class=\"tag-cloud-link tag-link-53 tag-link-position-24\" style=\"font-size: 8pt;\" aria-label=\"osaamisedellytykset (1 kohde)\">osaamisedellytykset<\/a>\n<a href=\"https:\/\/blogit.metropolia.fi\/sotemuotoilijat\/tag\/osaamisvaatimukset\/\" class=\"tag-cloud-link tag-link-55 tag-link-position-25\" style=\"font-size: 8pt;\" aria-label=\"osaamisvaatimukset (1 kohde)\">osaamisvaatimukset<\/a>\n<a href=\"https:\/\/blogit.metropolia.fi\/sotemuotoilijat\/tag\/palvelujen-kehittaminen\/\" class=\"tag-cloud-link tag-link-31 tag-link-position-26\" style=\"font-size: 8pt;\" aria-label=\"palvelujen kehitt\u00e4minen (1 kohde)\">palvelujen kehitt\u00e4minen<\/a>\n<a href=\"https:\/\/blogit.metropolia.fi\/sotemuotoilijat\/tag\/palvelumuotoilu\/\" class=\"tag-cloud-link tag-link-33 tag-link-position-27\" style=\"font-size: 12.705882352941pt;\" aria-label=\"palvelumuotoilu (4 kohdetta)\">palvelumuotoilu<\/a>\n<a href=\"https:\/\/blogit.metropolia.fi\/sotemuotoilijat\/tag\/sosiaali-ja-terveysala\/\" class=\"tag-cloud-link tag-link-35 tag-link-position-28\" style=\"font-size: 13.647058823529pt;\" aria-label=\"sosiaali- ja terveysala (5 kohdetta)\">sosiaali- ja terveysala<\/a>\n<a href=\"https:\/\/blogit.metropolia.fi\/sotemuotoilijat\/tag\/sotemuotoilijat\/\" class=\"tag-cloud-link tag-link-37 tag-link-position-29\" style=\"font-size: 22pt;\" aria-label=\"sotemuotoilijat (30 kohdetta)\">sotemuotoilijat<\/a>\n<a href=\"https:\/\/blogit.metropolia.fi\/sotemuotoilijat\/tag\/sotemuotoilu\/\" class=\"tag-cloud-link tag-link-39 tag-link-position-30\" style=\"font-size: 17.529411764706pt;\" aria-label=\"sotemuotoilu (12 kohdetta)\">sotemuotoilu<\/a>\n<a href=\"https:\/\/blogit.metropolia.fi\/sotemuotoilijat\/tag\/suun-terveys\/\" class=\"tag-cloud-link tag-link-65 tag-link-position-31\" style=\"font-size: 8pt;\" aria-label=\"suun terveys (1 kohde)\">suun terveys<\/a>\n<a href=\"https:\/\/blogit.metropolia.fi\/sotemuotoilijat\/tag\/tekoaly\/\" class=\"tag-cloud-link tag-link-187 tag-link-position-32\" style=\"font-size: 12.705882352941pt;\" aria-label=\"teko\u00e4ly (4 kohdetta)\">teko\u00e4ly<\/a>\n<a href=\"https:\/\/blogit.metropolia.fi\/sotemuotoilijat\/tag\/tekstitaidot\/\" class=\"tag-cloud-link tag-link-306 tag-link-position-33\" style=\"font-size: 11.529411764706pt;\" aria-label=\"tekstitaidot (3 kohdetta)\">tekstitaidot<\/a>\n<a href=\"https:\/\/blogit.metropolia.fi\/sotemuotoilijat\/tag\/terveyden-edistaminen\/\" class=\"tag-cloud-link tag-link-67 tag-link-position-34\" style=\"font-size: 10.117647058824pt;\" aria-label=\"terveyden edist\u00e4minen (2 kohdetta)\">terveyden edist\u00e4minen<\/a>\n<a href=\"https:\/\/blogit.metropolia.fi\/sotemuotoilijat\/tag\/terveydenhuolto\/\" class=\"tag-cloud-link tag-link-89 tag-link-position-35\" style=\"font-size: 12.705882352941pt;\" aria-label=\"terveydenhuolto (4 kohdetta)\">terveydenhuolto<\/a>\n<a href=\"https:\/\/blogit.metropolia.fi\/sotemuotoilijat\/tag\/terveysinterventio\/\" class=\"tag-cloud-link tag-link-69 tag-link-position-36\" style=\"font-size: 8pt;\" aria-label=\"terveysinterventio (1 kohde)\">terveysinterventio<\/a>\n<a href=\"https:\/\/blogit.metropolia.fi\/sotemuotoilijat\/tag\/tieteisfiktio\/\" class=\"tag-cloud-link tag-link-217 tag-link-position-37\" style=\"font-size: 10.117647058824pt;\" aria-label=\"tieteisfiktio (2 kohdetta)\">tieteisfiktio<\/a>\n<a href=\"https:\/\/blogit.metropolia.fi\/sotemuotoilijat\/tag\/tk-osaaminen\/\" class=\"tag-cloud-link tag-link-41 tag-link-position-38\" style=\"font-size: 12.705882352941pt;\" aria-label=\"TK-osaaminen (4 kohdetta)\">TK-osaaminen<\/a>\n<a href=\"https:\/\/blogit.metropolia.fi\/sotemuotoilijat\/tag\/tki\/\" class=\"tag-cloud-link tag-link-57 tag-link-position-39\" style=\"font-size: 12.705882352941pt;\" aria-label=\"TKI (4 kohdetta)\">TKI<\/a>\n<a href=\"https:\/\/blogit.metropolia.fi\/sotemuotoilijat\/tag\/tulevaisuusajattelu\/\" class=\"tag-cloud-link tag-link-219 tag-link-position-40\" style=\"font-size: 10.117647058824pt;\" aria-label=\"tulevaisuusajattelu (2 kohdetta)\">tulevaisuusajattelu<\/a>\n<a href=\"https:\/\/blogit.metropolia.fi\/sotemuotoilijat\/tag\/tutkimuksellinen-kehittaminen\/\" class=\"tag-cloud-link tag-link-71 tag-link-position-41\" style=\"font-size: 11.529411764706pt;\" aria-label=\"tutkimuksellinen kehitt\u00e4minen (3 kohdetta)\">tutkimuksellinen kehitt\u00e4minen<\/a>\n<a href=\"https:\/\/blogit.metropolia.fi\/sotemuotoilijat\/tag\/tutkimus-ja-kehittamisosaaminen\/\" class=\"tag-cloud-link tag-link-59 tag-link-position-42\" style=\"font-size: 8pt;\" aria-label=\"tutkimus- ja kehitt\u00e4misosaaminen (1 kohde)\">tutkimus- ja kehitt\u00e4misosaaminen<\/a>\n<a href=\"https:\/\/blogit.metropolia.fi\/sotemuotoilijat\/tag\/yamk\/\" class=\"tag-cloud-link tag-link-61 tag-link-position-43\" style=\"font-size: 17.529411764706pt;\" aria-label=\"yamk (12 kohdetta)\">yamk<\/a>\n<a href=\"https:\/\/blogit.metropolia.fi\/sotemuotoilijat\/tag\/yhteiskehittaminen\/\" class=\"tag-cloud-link tag-link-225 tag-link-position-44\" style=\"font-size: 10.117647058824pt;\" aria-label=\"yhteiskehitt\u00e4minen (2 kohdetta)\">yhteiskehitt\u00e4minen<\/a>\n<a href=\"https:\/\/blogit.metropolia.fi\/sotemuotoilijat\/tag\/yhteisollinen-kehittaminen\/\" class=\"tag-cloud-link tag-link-43 tag-link-position-45\" style=\"font-size: 8pt;\" aria-label=\"yhteis\u00f6llinen kehitt\u00e4minen (1 kohde)\">yhteis\u00f6llinen kehitt\u00e4minen<\/a><\/p>\n<\/div>\n\n\n","protected":false},"excerpt":{"rendered":"","protected":false},"author":3,"featured_media":0,"parent":0,"menu_order":0,"comment_status":"closed","ping_status":"closed","template":"blog-homepage.php","meta":{"_acf_changed":false,"_exactmetrics_skip_tracking":false,"_exactmetrics_sitenote_active":false,"_exactmetrics_sitenote_note":"","_exactmetrics_sitenote_category":0,"footnotes":""},"class_list":["post-3","page","type-page","status-publish","hentry"],"acf":[],"yoast_head":"<!-- This site is optimized with the Yoast SEO plugin v27.3 - https:\/\/yoast.com\/product\/yoast-seo-wordpress\/ -->\n<title>Sotemuotoilijat - Metropolian blogit<\/title>\n<meta name=\"description\" content=\"Sotemuotoilijat-blogin kirjoitukset k\u00e4sittelev\u00e4t sosiaali- ja terveysalan palveluiden ja rakenteiden kehitt\u00e4mist\u00e4.\" \/>\n<meta name=\"robots\" content=\"index, follow, max-snippet:-1, max-image-preview:large, max-video-preview:-1\" \/>\n<link rel=\"canonical\" href=\"https:\/\/blogit.metropolia.fi\/sotemuotoilijat\/\" \/>\n<meta property=\"og:locale\" content=\"fi_FI\" \/>\n<meta property=\"og:type\" content=\"article\" \/>\n<meta property=\"og:title\" content=\"Sotemuotoilijat - Metropolian blogit\" \/>\n<meta property=\"og:description\" content=\"Sotemuotoilijat-blogin kirjoitukset k\u00e4sittelev\u00e4t sosiaali- ja terveysalan palveluiden ja rakenteiden kehitt\u00e4mist\u00e4.\" \/>\n<meta property=\"og:url\" content=\"https:\/\/blogit.metropolia.fi\/sotemuotoilijat\/\" \/>\n<meta property=\"og:site_name\" content=\"Sotemuotoilijat\" \/>\n<meta property=\"article:modified_time\" content=\"2024-10-03T07:33:02+00:00\" \/>\n<meta name=\"twitter:card\" content=\"summary_large_image\" \/>\n<meta name=\"twitter:label1\" content=\"Arvioitu lukuaika\" \/>\n\t<meta name=\"twitter:data1\" content=\"1 minuutti\" \/>\n<script type=\"application\/ld+json\" class=\"yoast-schema-graph\">{\"@context\":\"https:\\\/\\\/schema.org\",\"@graph\":[{\"@type\":\"WebPage\",\"@id\":\"https:\\\/\\\/blogit.metropolia.fi\\\/sotemuotoilijat\\\/\",\"url\":\"https:\\\/\\\/blogit.metropolia.fi\\\/sotemuotoilijat\\\/\",\"name\":\"Sotemuotoilijat - Metropolian blogit\",\"isPartOf\":{\"@id\":\"https:\\\/\\\/blogit.metropolia.fi\\\/sotemuotoilijat\\\/#website\"},\"datePublished\":\"2024-09-17T05:16:29+00:00\",\"dateModified\":\"2024-10-03T07:33:02+00:00\",\"description\":\"Sotemuotoilijat-blogin kirjoitukset k\u00e4sittelev\u00e4t sosiaali- ja terveysalan palveluiden ja rakenteiden kehitt\u00e4mist\u00e4.\",\"breadcrumb\":{\"@id\":\"https:\\\/\\\/blogit.metropolia.fi\\\/sotemuotoilijat\\\/#breadcrumb\"},\"inLanguage\":\"fi\",\"potentialAction\":[{\"@type\":\"ReadAction\",\"target\":[\"https:\\\/\\\/blogit.metropolia.fi\\\/sotemuotoilijat\\\/\"]}]},{\"@type\":\"BreadcrumbList\",\"@id\":\"https:\\\/\\\/blogit.metropolia.fi\\\/sotemuotoilijat\\\/#breadcrumb\",\"itemListElement\":[{\"@type\":\"ListItem\",\"position\":1,\"name\":\"Etusivu\",\"item\":\"https:\\\/\\\/blogit.metropolia.fi\\\/sotemuotoilijat\\\/\"},{\"@type\":\"ListItem\",\"position\":2,\"name\":\"Etusivu\"}]},{\"@type\":\"WebSite\",\"@id\":\"https:\\\/\\\/blogit.metropolia.fi\\\/sotemuotoilijat\\\/#website\",\"url\":\"https:\\\/\\\/blogit.metropolia.fi\\\/sotemuotoilijat\\\/\",\"name\":\"Sotemuotoilijat\",\"description\":\"Tulevaisuuden sosiaali- ja terveysalan palveluja ja rakenteita muotoilemassa\",\"potentialAction\":[{\"@type\":\"SearchAction\",\"target\":{\"@type\":\"EntryPoint\",\"urlTemplate\":\"https:\\\/\\\/blogit.metropolia.fi\\\/sotemuotoilijat\\\/?s={search_term_string}\"},\"query-input\":{\"@type\":\"PropertyValueSpecification\",\"valueRequired\":true,\"valueName\":\"search_term_string\"}}],\"inLanguage\":\"fi\"}]}<\/script>\n<!-- \/ Yoast SEO plugin. -->","yoast_head_json":{"title":"Sotemuotoilijat - Metropolian blogit","description":"Sotemuotoilijat-blogin kirjoitukset k\u00e4sittelev\u00e4t sosiaali- ja terveysalan palveluiden ja rakenteiden kehitt\u00e4mist\u00e4.","robots":{"index":"index","follow":"follow","max-snippet":"max-snippet:-1","max-image-preview":"max-image-preview:large","max-video-preview":"max-video-preview:-1"},"canonical":"https:\/\/blogit.metropolia.fi\/sotemuotoilijat\/","og_locale":"fi_FI","og_type":"article","og_title":"Sotemuotoilijat - Metropolian blogit","og_description":"Sotemuotoilijat-blogin kirjoitukset k\u00e4sittelev\u00e4t sosiaali- ja terveysalan palveluiden ja rakenteiden kehitt\u00e4mist\u00e4.","og_url":"https:\/\/blogit.metropolia.fi\/sotemuotoilijat\/","og_site_name":"Sotemuotoilijat","article_modified_time":"2024-10-03T07:33:02+00:00","twitter_card":"summary_large_image","twitter_misc":{"Arvioitu lukuaika":"1 minuutti"},"schema":{"@context":"https:\/\/schema.org","@graph":[{"@type":"WebPage","@id":"https:\/\/blogit.metropolia.fi\/sotemuotoilijat\/","url":"https:\/\/blogit.metropolia.fi\/sotemuotoilijat\/","name":"Sotemuotoilijat - Metropolian blogit","isPartOf":{"@id":"https:\/\/blogit.metropolia.fi\/sotemuotoilijat\/#website"},"datePublished":"2024-09-17T05:16:29+00:00","dateModified":"2024-10-03T07:33:02+00:00","description":"Sotemuotoilijat-blogin kirjoitukset k\u00e4sittelev\u00e4t sosiaali- ja terveysalan palveluiden ja rakenteiden kehitt\u00e4mist\u00e4.","breadcrumb":{"@id":"https:\/\/blogit.metropolia.fi\/sotemuotoilijat\/#breadcrumb"},"inLanguage":"fi","potentialAction":[{"@type":"ReadAction","target":["https:\/\/blogit.metropolia.fi\/sotemuotoilijat\/"]}]},{"@type":"BreadcrumbList","@id":"https:\/\/blogit.metropolia.fi\/sotemuotoilijat\/#breadcrumb","itemListElement":[{"@type":"ListItem","position":1,"name":"Etusivu","item":"https:\/\/blogit.metropolia.fi\/sotemuotoilijat\/"},{"@type":"ListItem","position":2,"name":"Etusivu"}]},{"@type":"WebSite","@id":"https:\/\/blogit.metropolia.fi\/sotemuotoilijat\/#website","url":"https:\/\/blogit.metropolia.fi\/sotemuotoilijat\/","name":"Sotemuotoilijat","description":"Tulevaisuuden sosiaali- ja terveysalan palveluja ja rakenteita muotoilemassa","potentialAction":[{"@type":"SearchAction","target":{"@type":"EntryPoint","urlTemplate":"https:\/\/blogit.metropolia.fi\/sotemuotoilijat\/?s={search_term_string}"},"query-input":{"@type":"PropertyValueSpecification","valueRequired":true,"valueName":"search_term_string"}}],"inLanguage":"fi"}]}},"lang":"fi","translations":{"fi":3},"pll_sync_post":[],"_links":{"self":[{"href":"https:\/\/blogit.metropolia.fi\/sotemuotoilijat\/wp-json\/wp\/v2\/pages\/3","targetHints":{"allow":["GET"]}}],"collection":[{"href":"https:\/\/blogit.metropolia.fi\/sotemuotoilijat\/wp-json\/wp\/v2\/pages"}],"about":[{"href":"https:\/\/blogit.metropolia.fi\/sotemuotoilijat\/wp-json\/wp\/v2\/types\/page"}],"author":[{"embeddable":true,"href":"https:\/\/blogit.metropolia.fi\/sotemuotoilijat\/wp-json\/wp\/v2\/users\/3"}],"replies":[{"embeddable":true,"href":"https:\/\/blogit.metropolia.fi\/sotemuotoilijat\/wp-json\/wp\/v2\/comments?post=3"}],"version-history":[{"count":2,"href":"https:\/\/blogit.metropolia.fi\/sotemuotoilijat\/wp-json\/wp\/v2\/pages\/3\/revisions"}],"predecessor-version":[{"id":106,"href":"https:\/\/blogit.metropolia.fi\/sotemuotoilijat\/wp-json\/wp\/v2\/pages\/3\/revisions\/106"}],"wp:attachment":[{"href":"https:\/\/blogit.metropolia.fi\/sotemuotoilijat\/wp-json\/wp\/v2\/media?parent=3"}],"curies":[{"name":"wp","href":"https:\/\/api.w.org\/{rel}","templated":true}]}}