{"id":3,"date":"2025-01-24T08:57:44","date_gmt":"2025-01-24T06:57:44","guid":{"rendered":"https:\/\/blogit.metropolia.fi\/sharing-cafe\/etusivu\/"},"modified":"2025-05-27T13:08:20","modified_gmt":"2025-05-27T10:08:20","slug":"etusivu","status":"publish","type":"page","link":"https:\/\/blogit.metropolia.fi\/sharing-cafe\/","title":{"rendered":"Etusivu"},"content":{"rendered":"\n<figure class=\"wp-block-image size-full\"><img loading=\"lazy\" decoding=\"async\" width=\"691\" height=\"142\" src=\"https:\/\/blogit.metropolia.fi\/sharing-cafe\/wp-content\/uploads\/sites\/30\/2025\/05\/eu-osarahoittama.png\" alt=\"\" class=\"wp-image-64\" srcset=\"https:\/\/blogit.metropolia.fi\/sharing-cafe\/wp-content\/uploads\/sites\/30\/2025\/05\/eu-osarahoittama.png 691w, https:\/\/blogit.metropolia.fi\/sharing-cafe\/wp-content\/uploads\/sites\/30\/2025\/05\/eu-osarahoittama-300x62.png 300w\" sizes=\"auto, (max-width: 691px) 100vw, 691px\" \/><\/figure>\n\n\n<button id=\"accordion-title-69e107c75224d\" class=\"accordion-block\" aria-label=\"Avaa: Bloggaajat\" aria-controls=\"accordion-title-69e107c75224d-content\" aria-expanded=\"\">\n\t<span class=\"material-symbols-outlined icon\" aria-hidden=\"true\">\n\t\tarrow_right\n\t<\/span>\n\t<span class=\"accordion-title\">\n\t\t\t\t\tBloggaajat\t\t\t<\/span>\n<\/button>\n\n\n<div id=\"accordion-title-69e107c75224d-content\" class=\"accordion-content\">\n\t\n<section  class=\"user-block\">\n\n\t\n\t\t<div class=\"user\">\n\t\t\t<div class=\"image\">\n\t\t\t\t\t\t\t\t\t<img decoding=\"async\" src=\"https:\/\/secure.gravatar.com\/avatar\/9ceada09fb0d4e756bc230f694583ff3977dfe649379a58b6b136ec7bef05104?s=96&#038;d=mm&#038;r=g\" alt=\"\"\/>\n\t\t\t\t\t\t\t<\/div>\n\t\t\t<a class=\"author-link\" href=\"https:\/\/blogit.metropolia.fi\/sharing-cafe\/author\/camil\/\">\n\t\t\t\t<span class=\"name h3\">\n\t\t\t\t\tCamilla L\u00e5ngstedt\t\t\t\t<\/span>\n\t\t\t<\/a>\n\t\t\t<span class=\"description\">\n\t\t\t\ton psykiatrinen sairaanhoitaja ja hoitoty\u00f6n lehtori Metropoliassa. H\u00e4n tekee v\u00e4it\u00f6skirjaa, jossa tutkii skitsofreniaspektrin h\u00e4iri\u00f6t\u00e4 sairastavien henkil\u00f6iden fyysisen terveyden arviointia. H\u00e4n toimii Sharing Cafe -hankkeessa asiantuntjalehtorina vet\u00e4en avoimia ja suljettuja ryhmi\u00e4 maahanmuuttajtaustaisille naisille. Hankkeen tavoitteena on tukea n\u00e4iden naisten voimavaroja siten,  ett\u00e4 heill\u00e4 olisi riitt\u00e4v\u00e4t voimavarat osallistua aktiivisesti yhteiskunnan toimintaan ja huolehtia omasta hyvinvoinnistaan.\t\t\t<\/span>\n\t\t\t\t\t\t\t<a class=\"button transparent email\" href=\"mailto: Camilla.langstedt@metropolia.fi\" aria-label=\"L\u00e4het\u00e4 s\u00e4hk\u00f6postia osoitteeseen Camilla.langstedt@metropolia.fi\">Ota yhteytt\u00e4<\/a>\n\t\t\t\t\t<\/div>\n\n\t\n<\/section>\n\n<\/div>\n\n\n\n\n<button id=\"accordion-title-69e107c7535d5\" class=\"accordion-block\" aria-label=\"Avaa: Uusimmat postaukset\" aria-controls=\"accordion-title-69e107c7535d5-content\" aria-expanded=\"\">\n\t<span class=\"material-symbols-outlined icon\" aria-hidden=\"true\">\n\t\tarrow_right\n\t<\/span>\n\t<span class=\"accordion-title\">\n\t\t\t\t\tUusimmat postaukset\t\t\t<\/span>\n<\/button>\n\n\n<div id=\"accordion-title-69e107c7535d5-content\" class=\"accordion-content\">\n\t\n<ul class=\"wp-block-latest-posts__list wp-block-latest-posts\"><li><a class=\"wp-block-latest-posts__post-title\" href=\"https:\/\/blogit.metropolia.fi\/sharing-cafe\/2026\/04\/09\/yhdessa-tekemisen-voimaa-ryhmatoimintaa-ja-tapahtumahetkia\/\">Yhdess\u00e4 tekemisen voimaa, ryhm\u00e4toimintaa ja tapahtumahetki\u00e4<\/a><\/li>\n<li><a class=\"wp-block-latest-posts__post-title\" href=\"https:\/\/blogit.metropolia.fi\/sharing-cafe\/2026\/03\/11\/hyvinvointia-arkeen-opiskelijoiden-ohjaamissa-ryhmissa-keskusteltiin-tarkeista-teemoista\/\">Hyvinvointia arkeen \u2013 opiskelijoiden ohjaamissa ryhmiss\u00e4 keskusteltiin t\u00e4rkeist\u00e4 teemoista<\/a><\/li>\n<li><a class=\"wp-block-latest-posts__post-title\" href=\"https:\/\/blogit.metropolia.fi\/sharing-cafe\/2026\/02\/26\/matalan-kynnyksen-terveysmittauksia-sharing-cafessa\/\">Matalan kynnyksen terveysmittauksia Sharing Cafessa<\/a><\/li>\n<\/ul>\n<\/div>\n\n\n\n\n<button id=\"accordion-title-69e107c7539d0\" class=\"accordion-block\" aria-label=\"Avaa: Arkistot\" aria-controls=\"accordion-title-69e107c7539d0-content\" aria-expanded=\"\">\n\t<span class=\"material-symbols-outlined icon\" aria-hidden=\"true\">\n\t\tarrow_right\n\t<\/span>\n\t<span class=\"accordion-title\">\n\t\t\t\t\tArkistot\t\t\t<\/span>\n<\/button>\n\n\n<div id=\"accordion-title-69e107c7539d0-content\" class=\"accordion-content\">\n\t\n<ul class=\"wp-block-archives-list wp-block-archives\">\t<li><a href='https:\/\/blogit.metropolia.fi\/sharing-cafe\/2026\/'>2026<\/a>&nbsp;(4)<\/li>\n\t<li><a href='https:\/\/blogit.metropolia.fi\/sharing-cafe\/2025\/'>2025<\/a>&nbsp;(11)<\/li>\n<\/ul>\n<\/div>\n\n\n\n\n<button id=\"accordion-title-69e107c754541\" class=\"accordion-block\" aria-label=\"Avaa: Avainsanat\" aria-controls=\"accordion-title-69e107c754541-content\" aria-expanded=\"\">\n\t<span class=\"material-symbols-outlined icon\" aria-hidden=\"true\">\n\t\tarrow_right\n\t<\/span>\n\t<span class=\"accordion-title\">\n\t\t\t\t\tAvainsanat\t\t\t<\/span>\n<\/button>\n\n\n<div id=\"accordion-title-69e107c754541-content\" class=\"accordion-content\">\n\t\n<p class=\"wp-block-tag-cloud\"><a href=\"https:\/\/blogit.metropolia.fi\/sharing-cafe\/tag\/integraatio\/\" class=\"tag-cloud-link tag-link-18 tag-link-position-1\" style=\"font-size: 8pt;\" aria-label=\"integraatio (1 kohde)\">integraatio<\/a>\n<a href=\"https:\/\/blogit.metropolia.fi\/sharing-cafe\/tag\/maahanmuuttajat\/\" class=\"tag-cloud-link tag-link-16 tag-link-position-2\" style=\"font-size: 8pt;\" aria-label=\"maahanmuuttajat (1 kohde)\">maahanmuuttajat<\/a>\n<a href=\"https:\/\/blogit.metropolia.fi\/sharing-cafe\/tag\/motivaatio\/\" class=\"tag-cloud-link tag-link-22 tag-link-position-3\" style=\"font-size: 8pt;\" aria-label=\"Motivaatio (1 kohde)\">Motivaatio<\/a>\n<a href=\"https:\/\/blogit.metropolia.fi\/sharing-cafe\/tag\/sharing-cafe\/\" class=\"tag-cloud-link tag-link-26 tag-link-position-4\" style=\"font-size: 8pt;\" aria-label=\"Sharing Cafe (1 kohde)\">Sharing Cafe<\/a>\n<a href=\"https:\/\/blogit.metropolia.fi\/sharing-cafe\/tag\/terveys\/\" class=\"tag-cloud-link tag-link-24 tag-link-position-5\" style=\"font-size: 8pt;\" aria-label=\"Terveys (1 kohde)\">Terveys<\/a>\n<a href=\"https:\/\/blogit.metropolia.fi\/sharing-cafe\/tag\/vertaistuki\/\" class=\"tag-cloud-link tag-link-20 tag-link-position-6\" style=\"font-size: 8pt;\" aria-label=\"vertaistuki (1 kohde)\">vertaistuki<\/a><\/p>\n<\/div>\n\n\n","protected":false},"excerpt":{"rendered":"","protected":false},"author":1,"featured_media":0,"parent":0,"menu_order":0,"comment_status":"closed","ping_status":"closed","template":"blog-homepage.php","meta":{"_acf_changed":false,"_exactmetrics_skip_tracking":false,"_exactmetrics_sitenote_active":false,"_exactmetrics_sitenote_note":"","_exactmetrics_sitenote_category":0,"footnotes":""},"class_list":["post-3","page","type-page","status-publish","hentry"],"acf":[],"yoast_head":"<!-- This site is optimized with the Yoast SEO plugin v27.4 - https:\/\/yoast.com\/product\/yoast-seo-wordpress\/ -->\n<title>Etusivu - Sharing Cafe<\/title>\n<meta name=\"robots\" content=\"index, follow, max-snippet:-1, max-image-preview:large, max-video-preview:-1\" \/>\n<link rel=\"canonical\" href=\"https:\/\/blogit.metropolia.fi\/sharing-cafe\/\" \/>\n<meta property=\"og:locale\" content=\"fi_FI\" \/>\n<meta property=\"og:type\" content=\"article\" \/>\n<meta property=\"og:title\" content=\"Etusivu - Sharing Cafe\" \/>\n<meta property=\"og:url\" content=\"https:\/\/blogit.metropolia.fi\/sharing-cafe\/\" \/>\n<meta property=\"og:site_name\" content=\"Sharing Cafe\" \/>\n<meta property=\"article:modified_time\" content=\"2025-05-27T10:08:20+00:00\" \/>\n<meta property=\"og:image\" content=\"https:\/\/blogit.metropolia.fi\/sharing-cafe\/wp-content\/uploads\/sites\/30\/2025\/05\/eu-osarahoittama.png\" \/>\n\t<meta property=\"og:image:width\" content=\"691\" \/>\n\t<meta property=\"og:image:height\" content=\"142\" \/>\n\t<meta property=\"og:image:type\" content=\"image\/png\" \/>\n<meta name=\"twitter:card\" content=\"summary_large_image\" \/>\n<meta name=\"twitter:label1\" content=\"Arvioitu lukuaika\" \/>\n\t<meta name=\"twitter:data1\" content=\"1 minuutti\" \/>\n<script type=\"application\/ld+json\" class=\"yoast-schema-graph\">{\"@context\":\"https:\\\/\\\/schema.org\",\"@graph\":[{\"@type\":\"WebPage\",\"@id\":\"https:\\\/\\\/blogit.metropolia.fi\\\/sharing-cafe\\\/\",\"url\":\"https:\\\/\\\/blogit.metropolia.fi\\\/sharing-cafe\\\/\",\"name\":\"Etusivu - Sharing Cafe\",\"isPartOf\":{\"@id\":\"https:\\\/\\\/blogit.metropolia.fi\\\/sharing-cafe\\\/#website\"},\"primaryImageOfPage\":{\"@id\":\"https:\\\/\\\/blogit.metropolia.fi\\\/sharing-cafe\\\/#primaryimage\"},\"image\":{\"@id\":\"https:\\\/\\\/blogit.metropolia.fi\\\/sharing-cafe\\\/#primaryimage\"},\"thumbnailUrl\":\"https:\\\/\\\/blogit.metropolia.fi\\\/sharing-cafe\\\/wp-content\\\/uploads\\\/sites\\\/30\\\/2025\\\/05\\\/eu-osarahoittama.png\",\"datePublished\":\"2025-01-24T06:57:44+00:00\",\"dateModified\":\"2025-05-27T10:08:20+00:00\",\"breadcrumb\":{\"@id\":\"https:\\\/\\\/blogit.metropolia.fi\\\/sharing-cafe\\\/#breadcrumb\"},\"inLanguage\":\"fi\",\"potentialAction\":[{\"@type\":\"ReadAction\",\"target\":[\"https:\\\/\\\/blogit.metropolia.fi\\\/sharing-cafe\\\/\"]}]},{\"@type\":\"ImageObject\",\"inLanguage\":\"fi\",\"@id\":\"https:\\\/\\\/blogit.metropolia.fi\\\/sharing-cafe\\\/#primaryimage\",\"url\":\"https:\\\/\\\/blogit.metropolia.fi\\\/sharing-cafe\\\/wp-content\\\/uploads\\\/sites\\\/30\\\/2025\\\/05\\\/eu-osarahoittama.png\",\"contentUrl\":\"https:\\\/\\\/blogit.metropolia.fi\\\/sharing-cafe\\\/wp-content\\\/uploads\\\/sites\\\/30\\\/2025\\\/05\\\/eu-osarahoittama.png\",\"width\":691,\"height\":142},{\"@type\":\"BreadcrumbList\",\"@id\":\"https:\\\/\\\/blogit.metropolia.fi\\\/sharing-cafe\\\/#breadcrumb\",\"itemListElement\":[{\"@type\":\"ListItem\",\"position\":1,\"name\":\"Etusivu\",\"item\":\"https:\\\/\\\/blogit.metropolia.fi\\\/sharing-cafe\\\/\"},{\"@type\":\"ListItem\",\"position\":2,\"name\":\"Etusivu\"}]},{\"@type\":\"WebSite\",\"@id\":\"https:\\\/\\\/blogit.metropolia.fi\\\/sharing-cafe\\\/#website\",\"url\":\"https:\\\/\\\/blogit.metropolia.fi\\\/sharing-cafe\\\/\",\"name\":\"Sharing Cafe\",\"description\":\"Voimavaroja ja vahvistumista maahanmuuttajataustaisille naisille\",\"potentialAction\":[{\"@type\":\"SearchAction\",\"target\":{\"@type\":\"EntryPoint\",\"urlTemplate\":\"https:\\\/\\\/blogit.metropolia.fi\\\/sharing-cafe\\\/?s={search_term_string}\"},\"query-input\":{\"@type\":\"PropertyValueSpecification\",\"valueRequired\":true,\"valueName\":\"search_term_string\"}}],\"inLanguage\":\"fi\"}]}<\/script>\n<!-- \/ Yoast SEO plugin. -->","yoast_head_json":{"title":"Etusivu - Sharing Cafe","robots":{"index":"index","follow":"follow","max-snippet":"max-snippet:-1","max-image-preview":"max-image-preview:large","max-video-preview":"max-video-preview:-1"},"canonical":"https:\/\/blogit.metropolia.fi\/sharing-cafe\/","og_locale":"fi_FI","og_type":"article","og_title":"Etusivu - Sharing Cafe","og_url":"https:\/\/blogit.metropolia.fi\/sharing-cafe\/","og_site_name":"Sharing Cafe","article_modified_time":"2025-05-27T10:08:20+00:00","og_image":[{"width":691,"height":142,"url":"https:\/\/blogit.metropolia.fi\/sharing-cafe\/wp-content\/uploads\/sites\/30\/2025\/05\/eu-osarahoittama.png","type":"image\/png"}],"twitter_card":"summary_large_image","twitter_misc":{"Arvioitu lukuaika":"1 minuutti"},"schema":{"@context":"https:\/\/schema.org","@graph":[{"@type":"WebPage","@id":"https:\/\/blogit.metropolia.fi\/sharing-cafe\/","url":"https:\/\/blogit.metropolia.fi\/sharing-cafe\/","name":"Etusivu - Sharing Cafe","isPartOf":{"@id":"https:\/\/blogit.metropolia.fi\/sharing-cafe\/#website"},"primaryImageOfPage":{"@id":"https:\/\/blogit.metropolia.fi\/sharing-cafe\/#primaryimage"},"image":{"@id":"https:\/\/blogit.metropolia.fi\/sharing-cafe\/#primaryimage"},"thumbnailUrl":"https:\/\/blogit.metropolia.fi\/sharing-cafe\/wp-content\/uploads\/sites\/30\/2025\/05\/eu-osarahoittama.png","datePublished":"2025-01-24T06:57:44+00:00","dateModified":"2025-05-27T10:08:20+00:00","breadcrumb":{"@id":"https:\/\/blogit.metropolia.fi\/sharing-cafe\/#breadcrumb"},"inLanguage":"fi","potentialAction":[{"@type":"ReadAction","target":["https:\/\/blogit.metropolia.fi\/sharing-cafe\/"]}]},{"@type":"ImageObject","inLanguage":"fi","@id":"https:\/\/blogit.metropolia.fi\/sharing-cafe\/#primaryimage","url":"https:\/\/blogit.metropolia.fi\/sharing-cafe\/wp-content\/uploads\/sites\/30\/2025\/05\/eu-osarahoittama.png","contentUrl":"https:\/\/blogit.metropolia.fi\/sharing-cafe\/wp-content\/uploads\/sites\/30\/2025\/05\/eu-osarahoittama.png","width":691,"height":142},{"@type":"BreadcrumbList","@id":"https:\/\/blogit.metropolia.fi\/sharing-cafe\/#breadcrumb","itemListElement":[{"@type":"ListItem","position":1,"name":"Etusivu","item":"https:\/\/blogit.metropolia.fi\/sharing-cafe\/"},{"@type":"ListItem","position":2,"name":"Etusivu"}]},{"@type":"WebSite","@id":"https:\/\/blogit.metropolia.fi\/sharing-cafe\/#website","url":"https:\/\/blogit.metropolia.fi\/sharing-cafe\/","name":"Sharing Cafe","description":"Voimavaroja ja vahvistumista maahanmuuttajataustaisille naisille","potentialAction":[{"@type":"SearchAction","target":{"@type":"EntryPoint","urlTemplate":"https:\/\/blogit.metropolia.fi\/sharing-cafe\/?s={search_term_string}"},"query-input":{"@type":"PropertyValueSpecification","valueRequired":true,"valueName":"search_term_string"}}],"inLanguage":"fi"}]}},"lang":"fi","translations":{"fi":3},"pll_sync_post":[],"_links":{"self":[{"href":"https:\/\/blogit.metropolia.fi\/sharing-cafe\/wp-json\/wp\/v2\/pages\/3","targetHints":{"allow":["GET"]}}],"collection":[{"href":"https:\/\/blogit.metropolia.fi\/sharing-cafe\/wp-json\/wp\/v2\/pages"}],"about":[{"href":"https:\/\/blogit.metropolia.fi\/sharing-cafe\/wp-json\/wp\/v2\/types\/page"}],"author":[{"embeddable":true,"href":"https:\/\/blogit.metropolia.fi\/sharing-cafe\/wp-json\/wp\/v2\/users\/1"}],"replies":[{"embeddable":true,"href":"https:\/\/blogit.metropolia.fi\/sharing-cafe\/wp-json\/wp\/v2\/comments?post=3"}],"version-history":[{"count":3,"href":"https:\/\/blogit.metropolia.fi\/sharing-cafe\/wp-json\/wp\/v2\/pages\/3\/revisions"}],"predecessor-version":[{"id":65,"href":"https:\/\/blogit.metropolia.fi\/sharing-cafe\/wp-json\/wp\/v2\/pages\/3\/revisions\/65"}],"wp:attachment":[{"href":"https:\/\/blogit.metropolia.fi\/sharing-cafe\/wp-json\/wp\/v2\/media?parent=3"}],"curies":[{"name":"wp","href":"https:\/\/api.w.org\/{rel}","templated":true}]}}