{"id":3,"date":"2024-09-17T09:09:10","date_gmt":"2024-09-17T06:09:10","guid":{"rendered":"https:\/\/blogit.metropolia.fi\/korkeapainetta\/etusivu\/"},"modified":"2024-10-03T11:10:10","modified_gmt":"2024-10-03T08:10:10","slug":"etusivu","status":"publish","type":"page","link":"https:\/\/blogit.metropolia.fi\/korkeapainetta\/","title":{"rendered":"Etusivu"},"content":{"rendered":"<button id=\"accordion-title-69d757db8d301\" class=\"accordion-block\" aria-label=\"Avaa: Tietoa blogista\" aria-controls=\"accordion-title-69d757db8d301-content\" aria-expanded=\"\">\n\t<span class=\"material-symbols-outlined icon\" aria-hidden=\"true\">\n\t\tarrow_right\n\t<\/span>\n\t<span class=\"accordion-title\">\n\t\t\t\t\tTietoa blogista\t\t\t<\/span>\n<\/button>\n\n\n<div id=\"accordion-title-69d757db8d301-content\" class=\"accordion-content\">\n\t\n\n<p>Korkeapainetta-blogi edist\u00e4\u00e4 sosiaalista kest\u00e4vyytt\u00e4 tarjoten moninaisia n\u00e4k\u00f6kulmia kulttuurihyvinvoinnin edist\u00e4miseen: tutkittua tietoa ja k\u00e4yt\u00e4nn\u00f6n esimerkkej\u00e4. Bloggaajat ovat tutkijoita, kehitt\u00e4ji\u00e4 ja asiantuntijoita. Blogia julkaistaan osana Metropolia Ammattikorkeakoulun ja Jyv\u00e4skyl\u00e4n yliopiston Kulttuurihyvinvoinnin tutkimuksen ja koulutuksen osaamiskeskittym\u00e4 CuWeREn toimintaa&nbsp;<a href=\"http:\/\/www.cuwere.fi\/\">www.cuwere.fi<\/a>.&nbsp; Blogin rinnalla starttaa marraskuussa 2023 my\u00f6s Korkeapainetta-podcastsarja, jonka l\u00f6yd\u00e4t osoitteesta podcast.metropolia.fi.<\/p>\n\n\n\n<p>The blog channel Korkeapainetta \u2013 High Pressure publish blog posts related to cultural well-being. We blog in Finnish and in English.<\/p>\n\n<\/div>\n\n\n\n\n<button id=\"accordion-title-69d757db8d436\" class=\"accordion-block\" aria-label=\"Avaa: Korkeapainetta-blogin toimituskunta \/ Editorial Board\" aria-controls=\"accordion-title-69d757db8d436-content\" aria-expanded=\"\">\n\t<span class=\"material-symbols-outlined icon\" aria-hidden=\"true\">\n\t\tarrow_right\n\t<\/span>\n\t<span class=\"accordion-title\">\n\t\t\t\t\tKorkeapainetta-blogin toimituskunta \/ Editorial Board\t\t\t<\/span>\n<\/button>\n\n\n<div id=\"accordion-title-69d757db8d436-content\" class=\"accordion-content\">\n\t\n\n<p>Laura Huhtinen-Hild\u00e9n (p\u00e4\u00e4toimittaja), FT, MuM, yliopettaja, vastuullinen tutkija<br>Sanna Kivij\u00e4rvi, MuT, lehtori, vastuullinen tutkija<br>Elina Ala-Nikkola, kulttuurituottaja ylempi AMK, kehitysp\u00e4\u00e4llikk\u00f6<br>Johanna Niemi, VTM, asiantuntija<br>S\u00e4hk\u00f6postiosoitteet:\u200b<br><a href=\"javascript:;\">etunimi.sukunimi@metropolia.fi<\/a>\u200b<br>\u200b<br>Toimituskunta toimittaa Korkeapainetta-blogin sis\u00e4ll\u00f6t ennen julkaisua.\u200b<\/p>\n\n<\/div>\n\n\n\n\n<button id=\"accordion-title-69d757db8d4d7\" class=\"accordion-block\" aria-label=\"Avaa: Haluaisitko kirjoittaa Korkeapainetta-blogiin?\" aria-controls=\"accordion-title-69d757db8d4d7-content\" aria-expanded=\"\">\n\t<span class=\"material-symbols-outlined icon\" aria-hidden=\"true\">\n\t\tarrow_right\n\t<\/span>\n\t<span class=\"accordion-title\">\n\t\t\t\t\tHaluaisitko kirjoittaa Korkeapainetta-blogiin?\t\t\t<\/span>\n<\/button>\n\n\n<div id=\"accordion-title-69d757db8d4d7-content\" class=\"accordion-content\">\n\t\n\n<p><a href=\"https:\/\/blogit.metropolia.fi\/korkeapainetta\/files\/2024\/09\/bloggaajan_ohje_korkeapainetta_2024.docx.pdf\">Lue lis\u00e4\u00e4 bloggaajan ohjeista (PDF)<\/a>&nbsp;ja ota meihin yhteytt\u00e4.<\/p>\n\n\n\n<p>Would you like to publish your text in this blog?<br><a href=\"https:\/\/blogit.metropolia.fi\/korkeapainetta\/files\/2024\/09\/Instructions_for_bloggers_High_Pressure_2024.docx.pdf\">Instructions for bloggers in English (PDF)<\/a>.<\/p>\n\n<\/div>\n\n\n\n\n<button id=\"accordion-title-69d757db919fc\" class=\"accordion-block\" aria-label=\"Avaa: Bloggaajat\" aria-controls=\"accordion-title-69d757db919fc-content\" aria-expanded=\"\">\n\t<span class=\"material-symbols-outlined icon\" aria-hidden=\"true\">\n\t\tarrow_right\n\t<\/span>\n\t<span class=\"accordion-title\">\n\t\t\t\t\tBloggaajat\t\t\t<\/span>\n<\/button>\n\n\n<div id=\"accordion-title-69d757db919fc-content\" class=\"accordion-content\">\n\t\n<section  class=\"user-block\">\n\n\t\n\t\t<div class=\"user\">\n\t\t\t<div class=\"image\">\n\t\t\t\t\t\t\t\t\t<img decoding=\"async\" src=\"https:\/\/blogit.metropolia.fi\/korkeapainetta\/wp-content\/uploads\/2024\/09\/laura-huhtinen-hilden.jpg\" alt=\"\"\/>\n\t\t\t\t\t\t\t<\/div>\n\t\t\t<a class=\"author-link\" href=\"https:\/\/blogit.metropolia.fi\/korkeapainetta\/author\/a13800\/\">\n\t\t\t\t<span class=\"name h3\">\n\t\t\t\t\tLaura Huhtinen-Hilden\t\t\t\t<\/span>\n\t\t\t<\/a>\n\t\t\t<span class=\"description\">\n\t\t\t\tFT, yliopettaja, vastaava tutkija, tutkintovastaava, Metropolia Ammattikorkeakoulu\t\t\t<\/span>\n\t\t\t\t\t\t\t<a class=\"button transparent email\" href=\"mailto: laura.huhtinen-hilden@metropolia.fi\" aria-label=\"L\u00e4het\u00e4 s\u00e4hk\u00f6postia osoitteeseen laura.huhtinen-hilden@metropolia.fi\">Ota yhteytt\u00e4<\/a>\n\t\t\t\t\t<\/div>\n\n\t\n<\/section>\n\n\n<section  class=\"user-block\">\n\n\t\n\t\t<div class=\"user\">\n\t\t\t<div class=\"image\">\n\t\t\t\t\t\t\t\t\t<img decoding=\"async\" src=\"https:\/\/secure.gravatar.com\/avatar\/d6e6d70ecfb6ddec7ba5ff8dc630c77baa3752507b5fee2b365665556e284980?s=96&#038;d=mm&#038;r=g\" alt=\"\"\/>\n\t\t\t\t\t\t\t<\/div>\n\t\t\t<a class=\"author-link\" href=\"https:\/\/blogit.metropolia.fi\/korkeapainetta\/author\/annamariaisola\/\">\n\t\t\t\t<span class=\"name h3\">\n\t\t\t\t\tAnna-maria Isola\t\t\t\t<\/span>\n\t\t\t<\/a>\n\t\t\t<span class=\"description\">\n\t\t\t\tVTT, dosentti, johtava tutkija, Terveyden ja hyvinvoinnin laitos\t\t\t<\/span>\n\t\t\t\t\t\t\t<a class=\"button transparent email\" href=\"mailto: annamariaisola@no-reply.fi\" aria-label=\"L\u00e4het\u00e4 s\u00e4hk\u00f6postia osoitteeseen annamariaisola@no-reply.fi\">Ota yhteytt\u00e4<\/a>\n\t\t\t\t\t<\/div>\n\n\t\n<\/section>\n\n\n<section  class=\"user-block\">\n\n\t\n\t\t<div class=\"user\">\n\t\t\t<div class=\"image\">\n\t\t\t\t\t\t\t\t\t<img decoding=\"async\" src=\"https:\/\/blogit.metropolia.fi\/korkeapainetta\/wp-content\/uploads\/2024\/09\/elina-ala-nikkola.jpg\" alt=\"\"\/>\n\t\t\t\t\t\t\t<\/div>\n\t\t\t<a class=\"author-link\" href=\"https:\/\/blogit.metropolia.fi\/korkeapainetta\/author\/arole\/\">\n\t\t\t\t<span class=\"name h3\">\n\t\t\t\t\tElina Ala-Nikkola\t\t\t\t<\/span>\n\t\t\t<\/a>\n\t\t\t<span class=\"description\">\n\t\t\t\ton osallistuvan ja luovan ty\u00f6otteen, ekosysteemisten ty\u00f6tapojen, viestinn\u00e4n ja kulttuurihyvinvoinnin edist\u00e4misen kehitt\u00e4j\u00e4 Metropoliassa. H\u00e4n innostuu uuden \u00e4\u00e4rell\u00e4 olemisesta, eri alojen asiantuntijoiden kohtaamisesta ja osaamisen kehitt\u00e4misest\u00e4 yhdess\u00e4 oppien. H\u00e4n on kulttuurituottaja (ylempi  AMK), joka vapaa-ajallaan muun muassa lukee, hiiht\u00e4\u00e4, kiert\u00e4\u00e4 museoita, kutoo islantilaisia paitoja ja nauttii musiikista.\t\t\t<\/span>\n\t\t\t\t\t\t\t<a class=\"button transparent email\" href=\"mailto: elina.ala-nikkola@metropolia.fi\" aria-label=\"L\u00e4het\u00e4 s\u00e4hk\u00f6postia osoitteeseen elina.ala-nikkola@metropolia.fi\">Ota yhteytt\u00e4<\/a>\n\t\t\t\t\t<\/div>\n\n\t\n<\/section>\n\n\n<section  class=\"user-block\">\n\n\t\n\t\t<div class=\"user\">\n\t\t\t<div class=\"image\">\n\t\t\t\t\t\t\t\t\t<img decoding=\"async\" src=\"https:\/\/secure.gravatar.com\/avatar\/02ec880d1c53568d3d587568733f8ca6001518307ae4303cc5fc4631d4a91f10?s=96&#038;d=mm&#038;r=g\" alt=\"\"\/>\n\t\t\t\t\t\t\t<\/div>\n\t\t\t<a class=\"author-link\" href=\"https:\/\/blogit.metropolia.fi\/korkeapainetta\/author\/sannakivijarvi\/\">\n\t\t\t\t<span class=\"name h3\">\n\t\t\t\t\tSanna Kivij\u00e4rvi\t\t\t\t<\/span>\n\t\t\t<\/a>\n\t\t\t<span class=\"description\">\n\t\t\t\tMuT, lehtori, vastaava tutkija, Metropolia Ammattikorkeakoulu\t\t\t<\/span>\n\t\t\t\t\t\t\t<a class=\"button transparent email\" href=\"mailto: sannakivijarvi@noreply.fi\" aria-label=\"L\u00e4het\u00e4 s\u00e4hk\u00f6postia osoitteeseen sannakivijarvi@noreply.fi\">Ota yhteytt\u00e4<\/a>\n\t\t\t\t\t<\/div>\n\n\t\n<\/section>\n\n\n<section  class=\"user-block\">\n\n\t\n\t\t<div class=\"user\">\n\t\t\t<div class=\"image\">\n\t\t\t\t\t\t\t\t\t<img decoding=\"async\" src=\"https:\/\/blogit.metropolia.fi\/korkeapainetta\/wp-content\/uploads\/2024\/09\/vierailija-profiili-2.jpg\" alt=\"\"\/>\n\t\t\t\t\t\t\t<\/div>\n\t\t\t<a class=\"author-link\" href=\"https:\/\/blogit.metropolia.fi\/korkeapainetta\/author\/vierailija\/\">\n\t\t\t\t<span class=\"name h3\">\n\t\t\t\t\tvierailija\t\t\t\t<\/span>\n\t\t\t<\/a>\n\t\t\t<span class=\"description\">\n\t\t\t\t\t\t\t<\/span>\n\t\t\t\t\t\t\t<a class=\"button transparent email\" href=\"mailto: viestinta@metropolia.fi\" aria-label=\"L\u00e4het\u00e4 s\u00e4hk\u00f6postia osoitteeseen viestinta@metropolia.fi\">Ota yhteytt\u00e4<\/a>\n\t\t\t\t\t<\/div>\n\n\t\n<\/section>\n\n<\/div>\n\n\n\n\n<button id=\"accordion-title-69d757db92efa\" class=\"accordion-block\" aria-label=\"Avaa: Uusimmat postaukset\" aria-controls=\"accordion-title-69d757db92efa-content\" aria-expanded=\"\">\n\t<span class=\"material-symbols-outlined icon\" aria-hidden=\"true\">\n\t\tarrow_right\n\t<\/span>\n\t<span class=\"accordion-title\">\n\t\t\t\t\tUusimmat postaukset\t\t\t<\/span>\n<\/button>\n\n\n<div id=\"accordion-title-69d757db92efa-content\" class=\"accordion-content\">\n\t\n<ul class=\"wp-block-latest-posts__list wp-block-latest-posts\"><li><a class=\"wp-block-latest-posts__post-title\" href=\"https:\/\/blogit.metropolia.fi\/korkeapainetta\/2024\/11\/27\/luovuuden-vihrea-loputon-pelto-luova-itsereflektio-ryhmanohjaajan-tukena\/\">Luovuuden vihre\u00e4 loputon pelto \u2013 luova itsereflektio ryhm\u00e4nohjaajan tukena<\/a><\/li>\n<li><a class=\"wp-block-latest-posts__post-title\" href=\"https:\/\/blogit.metropolia.fi\/korkeapainetta\/2024\/06\/11\/hymyillen-kohti-hyvinvointia-luovuus-ja-leikki-osana-suuhygienistin-tyota\/\">Hymyillen kohti hyvinvointia &#8211; luovuus ja leikki osana suuhygienistin ty\u00f6t\u00e4<\/a><\/li>\n<li><a class=\"wp-block-latest-posts__post-title\" href=\"https:\/\/blogit.metropolia.fi\/korkeapainetta\/2024\/05\/27\/from-takers-to-givers-with-different-abilities\/\">From takers to givers with different abilities<\/a><\/li>\n<\/ul>\n<\/div>\n\n\n\n\n<button id=\"accordion-title-69d757db93311\" class=\"accordion-block\" aria-label=\"Avaa: Arkistot\" aria-controls=\"accordion-title-69d757db93311-content\" aria-expanded=\"\">\n\t<span class=\"material-symbols-outlined icon\" aria-hidden=\"true\">\n\t\tarrow_right\n\t<\/span>\n\t<span class=\"accordion-title\">\n\t\t\t\t\tArkistot\t\t\t<\/span>\n<\/button>\n\n\n<div id=\"accordion-title-69d757db93311-content\" class=\"accordion-content\">\n\t\n<ul class=\"wp-block-archives-list wp-block-archives\">\t<li><a href='https:\/\/blogit.metropolia.fi\/korkeapainetta\/2024\/'>2024<\/a>&nbsp;(4)<\/li>\n\t<li><a href='https:\/\/blogit.metropolia.fi\/korkeapainetta\/2023\/'>2023<\/a>&nbsp;(2)<\/li>\n<\/ul>\n<\/div>\n\n\n\n\n<button id=\"accordion-title-69d757db94744\" class=\"accordion-block\" aria-label=\"Avaa: Avainsanat\" aria-controls=\"accordion-title-69d757db94744-content\" aria-expanded=\"\">\n\t<span class=\"material-symbols-outlined icon\" aria-hidden=\"true\">\n\t\tarrow_right\n\t<\/span>\n\t<span class=\"accordion-title\">\n\t\t\t\t\tAvainsanat\t\t\t<\/span>\n<\/button>\n\n\n<div id=\"accordion-title-69d757db94744-content\" class=\"accordion-content\">\n\t\n<p class=\"wp-block-tag-cloud\"><a href=\"https:\/\/blogit.metropolia.fi\/korkeapainetta\/tag\/crash\/\" class=\"tag-cloud-link tag-link-67 tag-link-position-1\" style=\"font-size: 8pt;\" aria-label=\"crash (1 kohde)\">crash<\/a>\n<a href=\"https:\/\/blogit.metropolia.fi\/korkeapainetta\/tag\/cuwere\/\" class=\"tag-cloud-link tag-link-27 tag-link-position-2\" style=\"font-size: 8pt;\" aria-label=\"cuwere (1 kohde)\">cuwere<\/a>\n<a href=\"https:\/\/blogit.metropolia.fi\/korkeapainetta\/tag\/hammasterveys\/\" class=\"tag-cloud-link tag-link-69 tag-link-position-3\" style=\"font-size: 8pt;\" aria-label=\"hammasterveys (1 kohde)\">hammasterveys<\/a>\n<a href=\"https:\/\/blogit.metropolia.fi\/korkeapainetta\/tag\/hyvinvointi\/\" class=\"tag-cloud-link tag-link-29 tag-link-position-4\" style=\"font-size: 8pt;\" aria-label=\"hyvinvointi (1 kohde)\">hyvinvointi<\/a>\n<a href=\"https:\/\/blogit.metropolia.fi\/korkeapainetta\/tag\/koulu\/\" class=\"tag-cloud-link tag-link-45 tag-link-position-5\" style=\"font-size: 8pt;\" aria-label=\"koulu (1 kohde)\">koulu<\/a>\n<a href=\"https:\/\/blogit.metropolia.fi\/korkeapainetta\/tag\/kulttuurihyvinvointi\/\" class=\"tag-cloud-link tag-link-31 tag-link-position-6\" style=\"font-size: 22pt;\" aria-label=\"kulttuurihyvinvointi (2 kohdetta)\">kulttuurihyvinvointi<\/a>\n<a href=\"https:\/\/blogit.metropolia.fi\/korkeapainetta\/tag\/kulttuurinen-hyvinvointi\/\" class=\"tag-cloud-link tag-link-39 tag-link-position-7\" style=\"font-size: 8pt;\" aria-label=\"kulttuurinen hyvinvointi (1 kohde)\">kulttuurinen hyvinvointi<\/a>\n<a href=\"https:\/\/blogit.metropolia.fi\/korkeapainetta\/tag\/kulttuuripoliittinen-selonteko\/\" class=\"tag-cloud-link tag-link-41 tag-link-position-8\" style=\"font-size: 8pt;\" aria-label=\"kulttuuripoliittinen selonteko (1 kohde)\">kulttuuripoliittinen selonteko<\/a>\n<a href=\"https:\/\/blogit.metropolia.fi\/korkeapainetta\/tag\/kulttuuripolitiikka\/\" class=\"tag-cloud-link tag-link-43 tag-link-position-9\" style=\"font-size: 8pt;\" aria-label=\"kulttuuripolitiikka (1 kohde)\">kulttuuripolitiikka<\/a>\n<a href=\"https:\/\/blogit.metropolia.fi\/korkeapainetta\/tag\/lapset\/\" class=\"tag-cloud-link tag-link-71 tag-link-position-10\" style=\"font-size: 8pt;\" aria-label=\"lapset (1 kohde)\">lapset<\/a>\n<a href=\"https:\/\/blogit.metropolia.fi\/korkeapainetta\/tag\/learning-disabilities\/\" class=\"tag-cloud-link tag-link-57 tag-link-position-11\" style=\"font-size: 8pt;\" aria-label=\"learning disabilities (1 kohde)\">learning disabilities<\/a>\n<a href=\"https:\/\/blogit.metropolia.fi\/korkeapainetta\/tag\/luovuus\/\" class=\"tag-cloud-link tag-link-33 tag-link-position-12\" style=\"font-size: 22pt;\" aria-label=\"luovuus (2 kohdetta)\">luovuus<\/a>\n<a href=\"https:\/\/blogit.metropolia.fi\/korkeapainetta\/tag\/maailmakeskeisyys\/\" class=\"tag-cloud-link tag-link-47 tag-link-position-13\" style=\"font-size: 8pt;\" aria-label=\"maailmakeskeisyys (1 kohde)\">maailmakeskeisyys<\/a>\n<a href=\"https:\/\/blogit.metropolia.fi\/korkeapainetta\/tag\/merkityksellisyys\/\" class=\"tag-cloud-link tag-link-35 tag-link-position-14\" style=\"font-size: 8pt;\" aria-label=\"merkityksellisyys (1 kohde)\">merkityksellisyys<\/a>\n<a href=\"https:\/\/blogit.metropolia.fi\/korkeapainetta\/tag\/musiikkikasvatus\/\" class=\"tag-cloud-link tag-link-49 tag-link-position-15\" style=\"font-size: 8pt;\" aria-label=\"musiikkikasvatus (1 kohde)\">musiikkikasvatus<\/a>\n<a href=\"https:\/\/blogit.metropolia.fi\/korkeapainetta\/tag\/non-disabled\/\" class=\"tag-cloud-link tag-link-59 tag-link-position-16\" style=\"font-size: 8pt;\" aria-label=\"non-disabled (1 kohde)\">non-disabled<\/a>\n<a href=\"https:\/\/blogit.metropolia.fi\/korkeapainetta\/tag\/opettaminen\/\" class=\"tag-cloud-link tag-link-51 tag-link-position-17\" style=\"font-size: 8pt;\" aria-label=\"opettaminen (1 kohde)\">opettaminen<\/a>\n<a href=\"https:\/\/blogit.metropolia.fi\/korkeapainetta\/tag\/osallisuus\/\" class=\"tag-cloud-link tag-link-37 tag-link-position-18\" style=\"font-size: 22pt;\" aria-label=\"osallisuus (2 kohdetta)\">osallisuus<\/a>\n<a href=\"https:\/\/blogit.metropolia.fi\/korkeapainetta\/tag\/participation\/\" class=\"tag-cloud-link tag-link-61 tag-link-position-19\" style=\"font-size: 8pt;\" aria-label=\"participation (1 kohde)\">participation<\/a>\n<a href=\"https:\/\/blogit.metropolia.fi\/korkeapainetta\/tag\/social-inclusion\/\" class=\"tag-cloud-link tag-link-63 tag-link-position-20\" style=\"font-size: 8pt;\" aria-label=\"social inclusion (1 kohde)\">social inclusion<\/a>\n<a href=\"https:\/\/blogit.metropolia.fi\/korkeapainetta\/tag\/suuhygienisti\/\" class=\"tag-cloud-link tag-link-73 tag-link-position-21\" style=\"font-size: 8pt;\" aria-label=\"suuhygienisti (1 kohde)\">suuhygienisti<\/a>\n<a href=\"https:\/\/blogit.metropolia.fi\/korkeapainetta\/tag\/tahdistuminen\/\" class=\"tag-cloud-link tag-link-53 tag-link-position-22\" style=\"font-size: 8pt;\" aria-label=\"tahdistuminen (1 kohde)\">tahdistuminen<\/a>\n<a href=\"https:\/\/blogit.metropolia.fi\/korkeapainetta\/tag\/terveyden-edistaminen\/\" class=\"tag-cloud-link tag-link-75 tag-link-position-23\" style=\"font-size: 8pt;\" aria-label=\"terveyden edist\u00e4minen (1 kohde)\">terveyden edist\u00e4minen<\/a>\n<a href=\"https:\/\/blogit.metropolia.fi\/korkeapainetta\/tag\/theatre\/\" class=\"tag-cloud-link tag-link-65 tag-link-position-24\" style=\"font-size: 8pt;\" aria-label=\"theatre (1 kohde)\">theatre<\/a>\n<a href=\"https:\/\/blogit.metropolia.fi\/korkeapainetta\/tag\/yhteismusisointi\/\" class=\"tag-cloud-link tag-link-55 tag-link-position-25\" style=\"font-size: 8pt;\" aria-label=\"yhteismusisointi (1 kohde)\">yhteismusisointi<\/a><\/p>\n<\/div>\n\n\n","protected":false},"excerpt":{"rendered":"","protected":false},"author":3,"featured_media":0,"parent":0,"menu_order":0,"comment_status":"closed","ping_status":"closed","template":"blog-homepage.php","meta":{"_acf_changed":false,"_exactmetrics_skip_tracking":false,"_exactmetrics_sitenote_active":false,"_exactmetrics_sitenote_note":"","_exactmetrics_sitenote_category":0,"footnotes":""},"class_list":["post-3","page","type-page","status-publish","hentry"],"acf":[],"yoast_head":"<!-- This site is optimized with the Yoast SEO plugin v27.3 - https:\/\/yoast.com\/product\/yoast-seo-wordpress\/ -->\n<title>Korkeapainetta - Metropolian blogit<\/title>\n<meta name=\"description\" content=\"Korkeapainetta-blogi edist\u00e4\u00e4 sosiaalista kest\u00e4vyytt\u00e4 tarjoten n\u00e4k\u00f6kulmia kulttuurihyvinvoinnin edist\u00e4miseen: tutkittua tietoa ja k\u00e4yt\u00e4nn\u00f6n esimerkkej\u00e4.\" \/>\n<meta name=\"robots\" content=\"index, follow, max-snippet:-1, max-image-preview:large, max-video-preview:-1\" \/>\n<link rel=\"canonical\" href=\"https:\/\/blogit.metropolia.fi\/korkeapainetta\/\" \/>\n<meta property=\"og:locale\" content=\"fi_FI\" \/>\n<meta property=\"og:type\" content=\"article\" \/>\n<meta property=\"og:title\" content=\"Korkeapainetta - Metropolian blogit\" \/>\n<meta property=\"og:description\" content=\"Korkeapainetta-blogi edist\u00e4\u00e4 sosiaalista kest\u00e4vyytt\u00e4 tarjoten n\u00e4k\u00f6kulmia kulttuurihyvinvoinnin edist\u00e4miseen: tutkittua tietoa ja k\u00e4yt\u00e4nn\u00f6n esimerkkej\u00e4.\" \/>\n<meta property=\"og:url\" content=\"https:\/\/blogit.metropolia.fi\/korkeapainetta\/\" \/>\n<meta property=\"og:site_name\" content=\"Korkeapainetta\" \/>\n<meta property=\"article:modified_time\" content=\"2024-10-03T08:10:10+00:00\" \/>\n<meta name=\"twitter:card\" content=\"summary_large_image\" \/>\n<meta name=\"twitter:label1\" content=\"Arvioitu lukuaika\" \/>\n\t<meta name=\"twitter:data1\" content=\"1 minuutti\" \/>\n<script type=\"application\/ld+json\" class=\"yoast-schema-graph\">{\"@context\":\"https:\\\/\\\/schema.org\",\"@graph\":[{\"@type\":\"WebPage\",\"@id\":\"https:\\\/\\\/blogit.metropolia.fi\\\/korkeapainetta\\\/\",\"url\":\"https:\\\/\\\/blogit.metropolia.fi\\\/korkeapainetta\\\/\",\"name\":\"Korkeapainetta - Metropolian blogit\",\"isPartOf\":{\"@id\":\"https:\\\/\\\/blogit.metropolia.fi\\\/korkeapainetta\\\/#website\"},\"datePublished\":\"2024-09-17T06:09:10+00:00\",\"dateModified\":\"2024-10-03T08:10:10+00:00\",\"description\":\"Korkeapainetta-blogi edist\u00e4\u00e4 sosiaalista kest\u00e4vyytt\u00e4 tarjoten n\u00e4k\u00f6kulmia kulttuurihyvinvoinnin edist\u00e4miseen: tutkittua tietoa ja k\u00e4yt\u00e4nn\u00f6n esimerkkej\u00e4.\",\"breadcrumb\":{\"@id\":\"https:\\\/\\\/blogit.metropolia.fi\\\/korkeapainetta\\\/#breadcrumb\"},\"inLanguage\":\"fi\",\"potentialAction\":[{\"@type\":\"ReadAction\",\"target\":[\"https:\\\/\\\/blogit.metropolia.fi\\\/korkeapainetta\\\/\"]}]},{\"@type\":\"BreadcrumbList\",\"@id\":\"https:\\\/\\\/blogit.metropolia.fi\\\/korkeapainetta\\\/#breadcrumb\",\"itemListElement\":[{\"@type\":\"ListItem\",\"position\":1,\"name\":\"Etusivu\",\"item\":\"https:\\\/\\\/blogit.metropolia.fi\\\/korkeapainetta\\\/\"},{\"@type\":\"ListItem\",\"position\":2,\"name\":\"Etusivu\"}]},{\"@type\":\"WebSite\",\"@id\":\"https:\\\/\\\/blogit.metropolia.fi\\\/korkeapainetta\\\/#website\",\"url\":\"https:\\\/\\\/blogit.metropolia.fi\\\/korkeapainetta\\\/\",\"name\":\"Korkeapainetta\",\"description\":\"N\u00e4k\u00f6kulmia kulttuurihyvinvoinnin edist\u00e4miseen\",\"potentialAction\":[{\"@type\":\"SearchAction\",\"target\":{\"@type\":\"EntryPoint\",\"urlTemplate\":\"https:\\\/\\\/blogit.metropolia.fi\\\/korkeapainetta\\\/?s={search_term_string}\"},\"query-input\":{\"@type\":\"PropertyValueSpecification\",\"valueRequired\":true,\"valueName\":\"search_term_string\"}}],\"inLanguage\":\"fi\"}]}<\/script>\n<!-- \/ Yoast SEO plugin. -->","yoast_head_json":{"title":"Korkeapainetta - Metropolian blogit","description":"Korkeapainetta-blogi edist\u00e4\u00e4 sosiaalista kest\u00e4vyytt\u00e4 tarjoten n\u00e4k\u00f6kulmia kulttuurihyvinvoinnin edist\u00e4miseen: tutkittua tietoa ja k\u00e4yt\u00e4nn\u00f6n esimerkkej\u00e4.","robots":{"index":"index","follow":"follow","max-snippet":"max-snippet:-1","max-image-preview":"max-image-preview:large","max-video-preview":"max-video-preview:-1"},"canonical":"https:\/\/blogit.metropolia.fi\/korkeapainetta\/","og_locale":"fi_FI","og_type":"article","og_title":"Korkeapainetta - Metropolian blogit","og_description":"Korkeapainetta-blogi edist\u00e4\u00e4 sosiaalista kest\u00e4vyytt\u00e4 tarjoten n\u00e4k\u00f6kulmia kulttuurihyvinvoinnin edist\u00e4miseen: tutkittua tietoa ja k\u00e4yt\u00e4nn\u00f6n esimerkkej\u00e4.","og_url":"https:\/\/blogit.metropolia.fi\/korkeapainetta\/","og_site_name":"Korkeapainetta","article_modified_time":"2024-10-03T08:10:10+00:00","twitter_card":"summary_large_image","twitter_misc":{"Arvioitu lukuaika":"1 minuutti"},"schema":{"@context":"https:\/\/schema.org","@graph":[{"@type":"WebPage","@id":"https:\/\/blogit.metropolia.fi\/korkeapainetta\/","url":"https:\/\/blogit.metropolia.fi\/korkeapainetta\/","name":"Korkeapainetta - Metropolian blogit","isPartOf":{"@id":"https:\/\/blogit.metropolia.fi\/korkeapainetta\/#website"},"datePublished":"2024-09-17T06:09:10+00:00","dateModified":"2024-10-03T08:10:10+00:00","description":"Korkeapainetta-blogi edist\u00e4\u00e4 sosiaalista kest\u00e4vyytt\u00e4 tarjoten n\u00e4k\u00f6kulmia kulttuurihyvinvoinnin edist\u00e4miseen: tutkittua tietoa ja k\u00e4yt\u00e4nn\u00f6n esimerkkej\u00e4.","breadcrumb":{"@id":"https:\/\/blogit.metropolia.fi\/korkeapainetta\/#breadcrumb"},"inLanguage":"fi","potentialAction":[{"@type":"ReadAction","target":["https:\/\/blogit.metropolia.fi\/korkeapainetta\/"]}]},{"@type":"BreadcrumbList","@id":"https:\/\/blogit.metropolia.fi\/korkeapainetta\/#breadcrumb","itemListElement":[{"@type":"ListItem","position":1,"name":"Etusivu","item":"https:\/\/blogit.metropolia.fi\/korkeapainetta\/"},{"@type":"ListItem","position":2,"name":"Etusivu"}]},{"@type":"WebSite","@id":"https:\/\/blogit.metropolia.fi\/korkeapainetta\/#website","url":"https:\/\/blogit.metropolia.fi\/korkeapainetta\/","name":"Korkeapainetta","description":"N\u00e4k\u00f6kulmia kulttuurihyvinvoinnin edist\u00e4miseen","potentialAction":[{"@type":"SearchAction","target":{"@type":"EntryPoint","urlTemplate":"https:\/\/blogit.metropolia.fi\/korkeapainetta\/?s={search_term_string}"},"query-input":{"@type":"PropertyValueSpecification","valueRequired":true,"valueName":"search_term_string"}}],"inLanguage":"fi"}]}},"lang":"fi","translations":{"fi":3},"pll_sync_post":[],"_links":{"self":[{"href":"https:\/\/blogit.metropolia.fi\/korkeapainetta\/wp-json\/wp\/v2\/pages\/3","targetHints":{"allow":["GET"]}}],"collection":[{"href":"https:\/\/blogit.metropolia.fi\/korkeapainetta\/wp-json\/wp\/v2\/pages"}],"about":[{"href":"https:\/\/blogit.metropolia.fi\/korkeapainetta\/wp-json\/wp\/v2\/types\/page"}],"author":[{"embeddable":true,"href":"https:\/\/blogit.metropolia.fi\/korkeapainetta\/wp-json\/wp\/v2\/users\/3"}],"replies":[{"embeddable":true,"href":"https:\/\/blogit.metropolia.fi\/korkeapainetta\/wp-json\/wp\/v2\/comments?post=3"}],"version-history":[{"count":2,"href":"https:\/\/blogit.metropolia.fi\/korkeapainetta\/wp-json\/wp\/v2\/pages\/3\/revisions"}],"predecessor-version":[{"id":33,"href":"https:\/\/blogit.metropolia.fi\/korkeapainetta\/wp-json\/wp\/v2\/pages\/3\/revisions\/33"}],"wp:attachment":[{"href":"https:\/\/blogit.metropolia.fi\/korkeapainetta\/wp-json\/wp\/v2\/media?parent=3"}],"curies":[{"name":"wp","href":"https:\/\/api.w.org\/{rel}","templated":true}]}}