{"id":3,"date":"2024-09-16T13:54:04","date_gmt":"2024-09-16T10:54:04","guid":{"rendered":"https:\/\/blogit.metropolia.fi\/geroblogi\/etusivu\/"},"modified":"2024-10-03T14:49:15","modified_gmt":"2024-10-03T11:49:15","slug":"etusivu","status":"publish","type":"page","link":"https:\/\/blogit.metropolia.fi\/geroblogi\/","title":{"rendered":"Etusivu"},"content":{"rendered":"<button id=\"accordion-title-69fd52bb24376\" class=\"accordion-block\" aria-label=\"Avaa: Bloggaajat\" aria-controls=\"accordion-title-69fd52bb24376-content\" aria-expanded=\"\">\n\t<span class=\"material-symbols-outlined icon\" aria-hidden=\"true\">\n\t\tarrow_right\n\t<\/span>\n\t<span class=\"accordion-title\">\n\t\t\t\t\tBloggaajat\t\t\t<\/span>\n<\/button>\n\n\n<div id=\"accordion-title-69fd52bb24376-content\" class=\"accordion-content\">\n\t\n<section  class=\"user-block\">\n\n\t\n\t\t<div class=\"user\">\n\t\t\t<div class=\"image\">\n\t\t\t\t\t\t\t\t\t<img decoding=\"async\" src=\"https:\/\/blogit.metropolia.fi\/geroblogi\/wp-content\/uploads\/2024\/09\/sydamella.png\" alt=\"\"\/>\n\t\t\t\t\t\t\t<\/div>\n\t\t\t<a class=\"author-link\" href=\"https:\/\/blogit.metropolia.fi\/geroblogi\/author\/elisamat\/\">\n\t\t\t\t<span class=\"name h3\">\n\t\t\t\t\tGeroblogin bloggaajat\t\t\t\t<\/span>\n\t\t\t<\/a>\n\t\t\t<span class=\"description\">\n\t\t\t\tGeroblogissa mahdollistamme yhdess\u00e4 hyv\u00e4\u00e4 ik\u00e4\u00e4ntymist\u00e4. Blogia yll\u00e4pit\u00e4\u00e4 Metropolia Ammattikorkeakoulu. Geroblogin kirjoittajat ovat Ik\u00e4\u00e4ntyneiden palvelujen kehitt\u00e4minen ja johtaminen (YAMK) -opiskelijoita, geronomi (AMK) -opiskelijoita, monialaisesti vanhusty\u00f6st\u00e4 eri tavoin kiinnostuneita opiskelijoita ja opettajia, asiantuntijoita ja ik\u00e4ihmisi\u00e4. Geroblogissa tarkastelemme tutkimus- ja kehitysty\u00f6h\u00f6n pohjautuvaa tietoa hyv\u00e4st\u00e4 ik\u00e4\u00e4ntymisest\u00e4 ja tulevaisuuden ik\u00e4\u00e4ntyneiden palveluiden kehitt\u00e4misest\u00e4, esim. ajankohtaisia ilmi\u00f6it\u00e4, kysymyksi\u00e4, hyvi\u00e4 k\u00e4yt\u00e4nteit\u00e4 ja palveluinnovaatioita. Blogissa voi julkaista tekstej\u00e4, videoita tai niiden yhdistelmi\u00e4. Mik\u00e4li haluat tehd\u00e4 blogin aihealueeseen liittyv\u00e4n postauksen, ota yhteytt\u00e4 toimituskuntaan.\t\t\t<\/span>\n\t\t\t\t\t\t\t<a class=\"button transparent email\" href=\"mailto: elisa.mattila@metropolia.fi\" aria-label=\"L\u00e4het\u00e4 s\u00e4hk\u00f6postia osoitteeseen elisa.mattila@metropolia.fi\">Ota yhteytt\u00e4<\/a>\n\t\t\t\t\t<\/div>\n\n\t\n<\/section>\n\n<\/div>\n\n\n\n\n<button id=\"accordion-title-69fd52bb244cf\" class=\"accordion-block\" aria-label=\"Avaa: Blogin toimituskunta\" aria-controls=\"accordion-title-69fd52bb244cf-content\" aria-expanded=\"\">\n\t<span class=\"material-symbols-outlined icon\" aria-hidden=\"true\">\n\t\tarrow_right\n\t<\/span>\n\t<span class=\"accordion-title\">\n\t\t\t\t\tBlogin toimituskunta\t\t\t<\/span>\n<\/button>\n\n\n<div id=\"accordion-title-69fd52bb244cf-content\" class=\"accordion-content\">\n\t\n\n<p class=\"has-text-align-left\">Toimituskunta toimittaa Geroblogin sis\u00e4ll\u00f6t ennen niiden julkaisua. Geroblogin toimituskunta on aloittanut ty\u00f6ns\u00e4 4.4.2018.<\/p>\n\n\n\n<p><img loading=\"lazy\" decoding=\"async\" width=\"150\" height=\"150\" class=\"wp-image-608\" style=\"width: 150px;\" src=\"https:\/\/blogit.metropolia.fi\/geroblogi\/wp-content\/uploads\/sites\/5\/2024\/10\/Tuula-Mikkola.jpg\" alt=\"Tuula Mikkola\" srcset=\"https:\/\/blogit.metropolia.fi\/geroblogi\/wp-content\/uploads\/sites\/5\/2024\/10\/Tuula-Mikkola.jpg 800w, https:\/\/blogit.metropolia.fi\/geroblogi\/wp-content\/uploads\/sites\/5\/2024\/10\/Tuula-Mikkola-300x300.jpg 300w, https:\/\/blogit.metropolia.fi\/geroblogi\/wp-content\/uploads\/sites\/5\/2024\/10\/Tuula-Mikkola-150x150.jpg 150w, https:\/\/blogit.metropolia.fi\/geroblogi\/wp-content\/uploads\/sites\/5\/2024\/10\/Tuula-Mikkola-768x768.jpg 768w\" sizes=\"auto, (max-width: 150px) 100vw, 150px\" \/><br><strong>Tuula Mikkola\u00a0<\/strong>p\u00e4\u00e4toimittaja<br>VTT, yliopettaja<br><a href=\"javascript:;\">tuula.mikkola@metropolia.fi<\/a><br>puh. 040 057 8279<\/p>\n\n\n\n<p class=\"has-text-align-left\"><strong>Hilla Niemi<\/strong><br>koulutussuunnittelija<br><a href=\"javascript:;\">hilla.niemi@metropolia.fi<\/a><br>puh. 050 567 8049<\/p>\n\n\n\n<p class=\"has-text-align-left\"><strong>Marianne Roivas<\/strong><br>FT, suomen kielen ja viestinn\u00e4n lehtori<br><a href=\"javascript:;\">marianne.roivas@metropolia.fi<\/a><br>puh. 040 714 5153<\/p>\n\n<\/div>\n\n\n\n\n<button id=\"accordion-title-69fd52bb26076\" class=\"accordion-block\" aria-label=\"Avaa: Uusimmat postaukset\" aria-controls=\"accordion-title-69fd52bb26076-content\" aria-expanded=\"\">\n\t<span class=\"material-symbols-outlined icon\" aria-hidden=\"true\">\n\t\tarrow_right\n\t<\/span>\n\t<span class=\"accordion-title\">\n\t\t\t\t\tUusimmat postaukset\t\t\t<\/span>\n<\/button>\n\n\n<div id=\"accordion-title-69fd52bb26076-content\" class=\"accordion-content\">\n\t\n<ul class=\"wp-block-latest-posts__list wp-block-latest-posts\"><li><a class=\"wp-block-latest-posts__post-title\" href=\"https:\/\/blogit.metropolia.fi\/geroblogi\/2026\/01\/21\/hiljainen-kansa-puhuu-kuulemmeko-me\/\">Hiljainen kansa puhuu \u2013 kuulemmeko me?<\/a><\/li>\n<li><a class=\"wp-block-latest-posts__post-title\" href=\"https:\/\/blogit.metropolia.fi\/geroblogi\/2025\/12\/15\/yhteisollinen-asuminen-2-2-yhteisollinen-asuminen-ja-rai-hyvinvointia-ikaantyneille\/\">Yhteis\u00f6llinen asuminen 2\/2: Yhteis\u00f6llinen asuminen ja RAI, hyvinvointia ik\u00e4\u00e4ntyneille<\/a><\/li>\n<li><a class=\"wp-block-latest-posts__post-title\" href=\"https:\/\/blogit.metropolia.fi\/geroblogi\/2025\/12\/10\/yhteisollinen-asuminen-1-2-turvaa-ja-vaikuttavuutta-ikaantyneen-toimintakykyyn-rai-arvioinnin-avulla\/\">Yhteis\u00f6llinen asuminen 1\/2: Turvaa ja vaikuttavuutta ik\u00e4\u00e4ntyneen toimintakykyyn RAI-arvioinnin avulla<\/a><\/li>\n<\/ul>\n<\/div>\n\n\n\n\n<button id=\"accordion-title-69fd52bb26577\" class=\"accordion-block\" aria-label=\"Avaa: Arkistot\" aria-controls=\"accordion-title-69fd52bb26577-content\" aria-expanded=\"\">\n\t<span class=\"material-symbols-outlined icon\" aria-hidden=\"true\">\n\t\tarrow_right\n\t<\/span>\n\t<span class=\"accordion-title\">\n\t\t\t\t\tArkistot\t\t\t<\/span>\n<\/button>\n\n\n<div id=\"accordion-title-69fd52bb26577-content\" class=\"accordion-content\">\n\t\n<ul class=\"wp-block-archives-list wp-block-archives\">\t<li><a href='https:\/\/blogit.metropolia.fi\/geroblogi\/2026\/'>2026<\/a>&nbsp;(1)<\/li>\n\t<li><a href='https:\/\/blogit.metropolia.fi\/geroblogi\/2025\/'>2025<\/a>&nbsp;(14)<\/li>\n\t<li><a href='https:\/\/blogit.metropolia.fi\/geroblogi\/2024\/'>2024<\/a>&nbsp;(16)<\/li>\n\t<li><a href='https:\/\/blogit.metropolia.fi\/geroblogi\/2023\/'>2023<\/a>&nbsp;(15)<\/li>\n\t<li><a href='https:\/\/blogit.metropolia.fi\/geroblogi\/2022\/'>2022<\/a>&nbsp;(32)<\/li>\n\t<li><a href='https:\/\/blogit.metropolia.fi\/geroblogi\/2021\/'>2021<\/a>&nbsp;(15)<\/li>\n\t<li><a href='https:\/\/blogit.metropolia.fi\/geroblogi\/2020\/'>2020<\/a>&nbsp;(33)<\/li>\n\t<li><a href='https:\/\/blogit.metropolia.fi\/geroblogi\/2019\/'>2019<\/a>&nbsp;(27)<\/li>\n\t<li><a href='https:\/\/blogit.metropolia.fi\/geroblogi\/2018\/'>2018<\/a>&nbsp;(12)<\/li>\n\t<li><a href='https:\/\/blogit.metropolia.fi\/geroblogi\/1970\/'>1970<\/a>&nbsp;(1)<\/li>\n<\/ul>\n<\/div>\n\n\n\n\n<button id=\"accordion-title-69fd52bb2892b\" class=\"accordion-block\" aria-label=\"Avaa: Avainsanat\" aria-controls=\"accordion-title-69fd52bb2892b-content\" aria-expanded=\"\">\n\t<span class=\"material-symbols-outlined icon\" aria-hidden=\"true\">\n\t\tarrow_right\n\t<\/span>\n\t<span class=\"accordion-title\">\n\t\t\t\t\tAvainsanat\t\t\t<\/span>\n<\/button>\n\n\n<div id=\"accordion-title-69fd52bb2892b-content\" class=\"accordion-content\">\n\t\n<p class=\"wp-block-tag-cloud\"><a href=\"https:\/\/blogit.metropolia.fi\/geroblogi\/tag\/asiakaslahtoisyys\/\" class=\"tag-cloud-link tag-link-99 tag-link-position-1\" style=\"font-size: 15.623762376238pt;\" aria-label=\"asiakasl\u00e4ht\u00f6isyys (13 kohdetta)\">asiakasl\u00e4ht\u00f6isyys<\/a>\n<a href=\"https:\/\/blogit.metropolia.fi\/geroblogi\/tag\/digitalisaatio\/\" class=\"tag-cloud-link tag-link-119 tag-link-position-2\" style=\"font-size: 8pt;\" aria-label=\"digitalisaatio (3 kohdetta)\">digitalisaatio<\/a>\n<a href=\"https:\/\/blogit.metropolia.fi\/geroblogi\/tag\/esteettomyys\/\" class=\"tag-cloud-link tag-link-33 tag-link-position-3\" style=\"font-size: 14.653465346535pt;\" aria-label=\"esteett\u00f6myys (11 kohdetta)\">esteett\u00f6myys<\/a>\n<a href=\"https:\/\/blogit.metropolia.fi\/geroblogi\/tag\/hoitotyo\/\" class=\"tag-cloud-link tag-link-275 tag-link-position-4\" style=\"font-size: 10.49504950495pt;\" aria-label=\"hoitoty\u00f6 (5 kohdetta)\">hoitoty\u00f6<\/a>\n<a href=\"https:\/\/blogit.metropolia.fi\/geroblogi\/tag\/hoivakoti\/\" class=\"tag-cloud-link tag-link-447 tag-link-position-5\" style=\"font-size: 9.3861386138614pt;\" aria-label=\"hoivakoti (4 kohdetta)\">hoivakoti<\/a>\n<a href=\"https:\/\/blogit.metropolia.fi\/geroblogi\/tag\/hymy-kyla\/\" class=\"tag-cloud-link tag-link-351 tag-link-position-6\" style=\"font-size: 9.3861386138614pt;\" aria-label=\"HyMy-kyl\u00e4 (4 kohdetta)\">HyMy-kyl\u00e4<\/a>\n<a href=\"https:\/\/blogit.metropolia.fi\/geroblogi\/tag\/hyvinvointi\/\" class=\"tag-cloud-link tag-link-77 tag-link-position-7\" style=\"font-size: 16.732673267327pt;\" aria-label=\"hyvinvointi (16 kohdetta)\">hyvinvointi<\/a>\n<a href=\"https:\/\/blogit.metropolia.fi\/geroblogi\/tag\/hyvissa-handuissa-himassa\/\" class=\"tag-cloud-link tag-link-271 tag-link-position-8\" style=\"font-size: 11.465346534653pt;\" aria-label=\"Hyviss\u00e4 Handuissa Himassa (6 kohdetta)\">Hyviss\u00e4 Handuissa Himassa<\/a>\n<a href=\"https:\/\/blogit.metropolia.fi\/geroblogi\/tag\/ikaihminen\/\" class=\"tag-cloud-link tag-link-469 tag-link-position-9\" style=\"font-size: 8pt;\" aria-label=\"ik\u00e4ihminen (3 kohdetta)\">ik\u00e4ihminen<\/a>\n<a href=\"https:\/\/blogit.metropolia.fi\/geroblogi\/tag\/ikaihmiset\/\" class=\"tag-cloud-link tag-link-27 tag-link-position-10\" style=\"font-size: 20.336633663366pt;\" aria-label=\"ik\u00e4ihmiset (30 kohdetta)\">ik\u00e4ihmiset<\/a>\n<a href=\"https:\/\/blogit.metropolia.fi\/geroblogi\/tag\/ikaystavallisyys\/\" class=\"tag-cloud-link tag-link-357 tag-link-position-11\" style=\"font-size: 8pt;\" aria-label=\"ik\u00e4yst\u00e4v\u00e4llisyys (3 kohdetta)\">ik\u00e4yst\u00e4v\u00e4llisyys<\/a>\n<a href=\"https:\/\/blogit.metropolia.fi\/geroblogi\/tag\/ikaantyminen\/\" class=\"tag-cloud-link tag-link-25 tag-link-position-12\" style=\"font-size: 19.227722772277pt;\" aria-label=\"ik\u00e4\u00e4ntyminen (25 kohdetta)\">ik\u00e4\u00e4ntyminen<\/a>\n<a href=\"https:\/\/blogit.metropolia.fi\/geroblogi\/tag\/ikaantyneet\/\" class=\"tag-cloud-link tag-link-121 tag-link-position-13\" style=\"font-size: 17.148514851485pt;\" aria-label=\"ik\u00e4\u00e4ntyneet (17 kohdetta)\">ik\u00e4\u00e4ntyneet<\/a>\n<a href=\"https:\/\/blogit.metropolia.fi\/geroblogi\/tag\/ikaantynyt\/\" class=\"tag-cloud-link tag-link-511 tag-link-position-14\" style=\"font-size: 11.465346534653pt;\" aria-label=\"ik\u00e4\u00e4ntynyt (6 kohdetta)\">ik\u00e4\u00e4ntynyt<\/a>\n<a href=\"https:\/\/blogit.metropolia.fi\/geroblogi\/tag\/itsemaaraamisoikeus\/\" class=\"tag-cloud-link tag-link-173 tag-link-position-15\" style=\"font-size: 12.158415841584pt;\" aria-label=\"itsem\u00e4\u00e4r\u00e4\u00e4misoikeus (7 kohdetta)\">itsem\u00e4\u00e4r\u00e4\u00e4misoikeus<\/a>\n<a href=\"https:\/\/blogit.metropolia.fi\/geroblogi\/tag\/iakkaat\/\" class=\"tag-cloud-link tag-link-67 tag-link-position-16\" style=\"font-size: 8pt;\" aria-label=\"i\u00e4kk\u00e4\u00e4t (3 kohdetta)\">i\u00e4kk\u00e4\u00e4t<\/a>\n<a href=\"https:\/\/blogit.metropolia.fi\/geroblogi\/tag\/kehittaminen\/\" class=\"tag-cloud-link tag-link-329 tag-link-position-17\" style=\"font-size: 8pt;\" aria-label=\"kehitt\u00e4minen (3 kohdetta)\">kehitt\u00e4minen<\/a>\n<a href=\"https:\/\/blogit.metropolia.fi\/geroblogi\/tag\/kodin-tuntu\/\" class=\"tag-cloud-link tag-link-71 tag-link-position-18\" style=\"font-size: 8pt;\" aria-label=\"kodin tuntu (3 kohdetta)\">kodin tuntu<\/a>\n<a href=\"https:\/\/blogit.metropolia.fi\/geroblogi\/tag\/kohtaaminen\/\" class=\"tag-cloud-link tag-link-303 tag-link-position-19\" style=\"font-size: 12.851485148515pt;\" aria-label=\"kohtaaminen (8 kohdetta)\">kohtaaminen<\/a>\n<a href=\"https:\/\/blogit.metropolia.fi\/geroblogi\/tag\/kotihoito\/\" class=\"tag-cloud-link tag-link-131 tag-link-position-20\" style=\"font-size: 17.70297029703pt;\" aria-label=\"kotihoito (19 kohdetta)\">kotihoito<\/a>\n<a href=\"https:\/\/blogit.metropolia.fi\/geroblogi\/tag\/kotona-asuminen\/\" class=\"tag-cloud-link tag-link-35 tag-link-position-21\" style=\"font-size: 13.544554455446pt;\" aria-label=\"kotona asuminen (9 kohdetta)\">kotona asuminen<\/a>\n<a href=\"https:\/\/blogit.metropolia.fi\/geroblogi\/tag\/lempea-hoiva\/\" class=\"tag-cloud-link tag-link-661 tag-link-position-22\" style=\"font-size: 8pt;\" aria-label=\"lempe\u00e4 hoiva (3 kohdetta)\">lempe\u00e4 hoiva<\/a>\n<a href=\"https:\/\/blogit.metropolia.fi\/geroblogi\/tag\/monialaisuus\/\" class=\"tag-cloud-link tag-link-379 tag-link-position-23\" style=\"font-size: 8pt;\" aria-label=\"monialaisuus (3 kohdetta)\">monialaisuus<\/a>\n<a href=\"https:\/\/blogit.metropolia.fi\/geroblogi\/tag\/moniammatillinen-yhteistyo\/\" class=\"tag-cloud-link tag-link-135 tag-link-position-24\" style=\"font-size: 8pt;\" aria-label=\"moniammatillinen yhteisty\u00f6 (3 kohdetta)\">moniammatillinen yhteisty\u00f6<\/a>\n<a href=\"https:\/\/blogit.metropolia.fi\/geroblogi\/tag\/moniammatillisuus\/\" class=\"tag-cloud-link tag-link-147 tag-link-position-25\" style=\"font-size: 9.3861386138614pt;\" aria-label=\"moniammatillisuus (4 kohdetta)\">moniammatillisuus<\/a>\n<a href=\"https:\/\/blogit.metropolia.fi\/geroblogi\/tag\/monikulttuurisuus\/\" class=\"tag-cloud-link tag-link-97 tag-link-position-26\" style=\"font-size: 8pt;\" aria-label=\"monikulttuurisuus (3 kohdetta)\">monikulttuurisuus<\/a>\n<a href=\"https:\/\/blogit.metropolia.fi\/geroblogi\/tag\/motivaatio\/\" class=\"tag-cloud-link tag-link-247 tag-link-position-27\" style=\"font-size: 8pt;\" aria-label=\"motivaatio (3 kohdetta)\">motivaatio<\/a>\n<a href=\"https:\/\/blogit.metropolia.fi\/geroblogi\/tag\/muistisairaus\/\" class=\"tag-cloud-link tag-link-37 tag-link-position-28\" style=\"font-size: 20.19801980198pt;\" aria-label=\"muistisairaus (29 kohdetta)\">muistisairaus<\/a>\n<a href=\"https:\/\/blogit.metropolia.fi\/geroblogi\/tag\/musiikki\/\" class=\"tag-cloud-link tag-link-431 tag-link-position-29\" style=\"font-size: 8pt;\" aria-label=\"musiikki (3 kohdetta)\">musiikki<\/a>\n<a href=\"https:\/\/blogit.metropolia.fi\/geroblogi\/tag\/omaishoito\/\" class=\"tag-cloud-link tag-link-143 tag-link-position-30\" style=\"font-size: 14.09900990099pt;\" aria-label=\"omaishoito (10 kohdetta)\">omaishoito<\/a>\n<a href=\"https:\/\/blogit.metropolia.fi\/geroblogi\/tag\/osallisuus\/\" class=\"tag-cloud-link tag-link-63 tag-link-position-31\" style=\"font-size: 13.544554455446pt;\" aria-label=\"osallisuus (9 kohdetta)\">osallisuus<\/a>\n<a href=\"https:\/\/blogit.metropolia.fi\/geroblogi\/tag\/palveluasuminen\/\" class=\"tag-cloud-link tag-link-81 tag-link-position-32\" style=\"font-size: 8pt;\" aria-label=\"palveluasuminen (3 kohdetta)\">palveluasuminen<\/a>\n<a href=\"https:\/\/blogit.metropolia.fi\/geroblogi\/tag\/rai-arviointi\/\" class=\"tag-cloud-link tag-link-611 tag-link-position-33\" style=\"font-size: 8pt;\" aria-label=\"RAI-arviointi (3 kohdetta)\">RAI-arviointi<\/a>\n<a href=\"https:\/\/blogit.metropolia.fi\/geroblogi\/tag\/saavutettavuus\/\" class=\"tag-cloud-link tag-link-123 tag-link-position-34\" style=\"font-size: 10.49504950495pt;\" aria-label=\"saavutettavuus (5 kohdetta)\">saavutettavuus<\/a>\n<a href=\"https:\/\/blogit.metropolia.fi\/geroblogi\/tag\/toimintakyky\/\" class=\"tag-cloud-link tag-link-29 tag-link-position-35\" style=\"font-size: 14.09900990099pt;\" aria-label=\"toimintakyky (10 kohdetta)\">toimintakyky<\/a>\n<a href=\"https:\/\/blogit.metropolia.fi\/geroblogi\/tag\/turvallisuus\/\" class=\"tag-cloud-link tag-link-39 tag-link-position-36\" style=\"font-size: 9.3861386138614pt;\" aria-label=\"turvallisuus (4 kohdetta)\">turvallisuus<\/a>\n<a href=\"https:\/\/blogit.metropolia.fi\/geroblogi\/tag\/tyohyvinvointi\/\" class=\"tag-cloud-link tag-link-231 tag-link-position-37\" style=\"font-size: 12.158415841584pt;\" aria-label=\"ty\u00f6hyvinvointi (7 kohdetta)\">ty\u00f6hyvinvointi<\/a>\n<a href=\"https:\/\/blogit.metropolia.fi\/geroblogi\/tag\/vaikuttavuus\/\" class=\"tag-cloud-link tag-link-675 tag-link-position-38\" style=\"font-size: 8pt;\" aria-label=\"vaikuttavuus (3 kohdetta)\">vaikuttavuus<\/a>\n<a href=\"https:\/\/blogit.metropolia.fi\/geroblogi\/tag\/vanhuspalvelut\/\" class=\"tag-cloud-link tag-link-49 tag-link-position-39\" style=\"font-size: 17.425742574257pt;\" aria-label=\"vanhuspalvelut (18 kohdetta)\">vanhuspalvelut<\/a>\n<a href=\"https:\/\/blogit.metropolia.fi\/geroblogi\/tag\/vanhustyo\/\" class=\"tag-cloud-link tag-link-31 tag-link-position-40\" style=\"font-size: 22pt;\" aria-label=\"vanhusty\u00f6 (40 kohdetta)\">vanhusty\u00f6<\/a>\n<a href=\"https:\/\/blogit.metropolia.fi\/geroblogi\/tag\/vapaaehtoistyo\/\" class=\"tag-cloud-link tag-link-65 tag-link-position-41\" style=\"font-size: 8pt;\" aria-label=\"vapaaehtoisty\u00f6 (3 kohdetta)\">vapaaehtoisty\u00f6<\/a>\n<a href=\"https:\/\/blogit.metropolia.fi\/geroblogi\/tag\/vuorovaikutus\/\" class=\"tag-cloud-link tag-link-53 tag-link-position-42\" style=\"font-size: 17.148514851485pt;\" aria-label=\"vuorovaikutus (17 kohdetta)\">vuorovaikutus<\/a>\n<a href=\"https:\/\/blogit.metropolia.fi\/geroblogi\/tag\/yhteiskehittaminen\/\" class=\"tag-cloud-link tag-link-139 tag-link-position-43\" style=\"font-size: 9.3861386138614pt;\" aria-label=\"yhteiskehitt\u00e4minen (4 kohdetta)\">yhteiskehitt\u00e4minen<\/a>\n<a href=\"https:\/\/blogit.metropolia.fi\/geroblogi\/tag\/yksilollisyys\/\" class=\"tag-cloud-link tag-link-83 tag-link-position-44\" style=\"font-size: 9.3861386138614pt;\" aria-label=\"yksil\u00f6llisyys (4 kohdetta)\">yksil\u00f6llisyys<\/a>\n<a href=\"https:\/\/blogit.metropolia.fi\/geroblogi\/tag\/yksinaisyys\/\" class=\"tag-cloud-link tag-link-317 tag-link-position-45\" style=\"font-size: 10.49504950495pt;\" aria-label=\"yksin\u00e4isyys (5 kohdetta)\">yksin\u00e4isyys<\/a><\/p>\n<\/div>\n\n\n","protected":false},"excerpt":{"rendered":"","protected":false},"author":3,"featured_media":0,"parent":0,"menu_order":0,"comment_status":"closed","ping_status":"closed","template":"blog-homepage.php","meta":{"_acf_changed":false,"_exactmetrics_skip_tracking":false,"_exactmetrics_sitenote_active":false,"_exactmetrics_sitenote_note":"","_exactmetrics_sitenote_category":0,"footnotes":""},"class_list":["post-3","page","type-page","status-publish","hentry"],"acf":[],"yoast_head":"<!-- This site is optimized with the Yoast SEO plugin v27.5 - https:\/\/yoast.com\/product\/yoast-seo-wordpress\/ -->\n<title>Geroblogi - Metropolian blogit<\/title>\n<meta name=\"description\" content=\"Geroblogin aiheet k\u00e4sittelev\u00e4t hyv\u00e4n ik\u00e4\u00e4ntymisen mahdollistamista. Kirjoittajina on sek\u00e4 opiskelijoita ett\u00e4 asiantuntijoita.\" \/>\n<meta name=\"robots\" content=\"index, follow, max-snippet:-1, max-image-preview:large, max-video-preview:-1\" \/>\n<link rel=\"canonical\" href=\"https:\/\/blogit.metropolia.fi\/geroblogi\/\" \/>\n<meta property=\"og:locale\" content=\"fi_FI\" \/>\n<meta property=\"og:type\" content=\"article\" \/>\n<meta property=\"og:title\" content=\"Geroblogi - Metropolian blogit\" \/>\n<meta property=\"og:description\" content=\"Geroblogin aiheet k\u00e4sittelev\u00e4t hyv\u00e4n ik\u00e4\u00e4ntymisen mahdollistamista. Kirjoittajina on sek\u00e4 opiskelijoita ett\u00e4 asiantuntijoita.\" \/>\n<meta property=\"og:url\" content=\"https:\/\/blogit.metropolia.fi\/geroblogi\/\" \/>\n<meta property=\"og:site_name\" content=\"Geroblogi\" \/>\n<meta property=\"article:modified_time\" content=\"2024-10-03T11:49:15+00:00\" \/>\n<meta property=\"og:image\" content=\"https:\/\/blogit.metropolia.fi\/geroblogi\/wp-content\/uploads\/sites\/5\/2024\/10\/Tuula-Mikkola.jpg\" \/>\n<meta name=\"twitter:card\" content=\"summary_large_image\" \/>\n<meta name=\"twitter:label1\" content=\"Arvioitu lukuaika\" \/>\n\t<meta name=\"twitter:data1\" content=\"1 minuutti\" \/>\n<script type=\"application\/ld+json\" class=\"yoast-schema-graph\">{\"@context\":\"https:\\\/\\\/schema.org\",\"@graph\":[{\"@type\":\"WebPage\",\"@id\":\"https:\\\/\\\/blogit.metropolia.fi\\\/geroblogi\\\/\",\"url\":\"https:\\\/\\\/blogit.metropolia.fi\\\/geroblogi\\\/\",\"name\":\"Geroblogi - Metropolian blogit\",\"isPartOf\":{\"@id\":\"https:\\\/\\\/blogit.metropolia.fi\\\/geroblogi\\\/#website\"},\"primaryImageOfPage\":{\"@id\":\"https:\\\/\\\/blogit.metropolia.fi\\\/geroblogi\\\/#primaryimage\"},\"image\":{\"@id\":\"https:\\\/\\\/blogit.metropolia.fi\\\/geroblogi\\\/#primaryimage\"},\"thumbnailUrl\":\"https:\\\/\\\/blogit.metropolia.fi\\\/geroblogi\\\/wp-content\\\/uploads\\\/sites\\\/5\\\/2024\\\/10\\\/Tuula-Mikkola.jpg\",\"datePublished\":\"2024-09-16T10:54:04+00:00\",\"dateModified\":\"2024-10-03T11:49:15+00:00\",\"description\":\"Geroblogin aiheet k\u00e4sittelev\u00e4t hyv\u00e4n ik\u00e4\u00e4ntymisen mahdollistamista. Kirjoittajina on sek\u00e4 opiskelijoita ett\u00e4 asiantuntijoita.\",\"breadcrumb\":{\"@id\":\"https:\\\/\\\/blogit.metropolia.fi\\\/geroblogi\\\/#breadcrumb\"},\"inLanguage\":\"fi\",\"potentialAction\":[{\"@type\":\"ReadAction\",\"target\":[\"https:\\\/\\\/blogit.metropolia.fi\\\/geroblogi\\\/\"]}]},{\"@type\":\"ImageObject\",\"inLanguage\":\"fi\",\"@id\":\"https:\\\/\\\/blogit.metropolia.fi\\\/geroblogi\\\/#primaryimage\",\"url\":\"https:\\\/\\\/blogit.metropolia.fi\\\/geroblogi\\\/wp-content\\\/uploads\\\/sites\\\/5\\\/2024\\\/10\\\/Tuula-Mikkola.jpg\",\"contentUrl\":\"https:\\\/\\\/blogit.metropolia.fi\\\/geroblogi\\\/wp-content\\\/uploads\\\/sites\\\/5\\\/2024\\\/10\\\/Tuula-Mikkola.jpg\",\"width\":800,\"height\":800,\"caption\":\"Tuula Mikkola\"},{\"@type\":\"BreadcrumbList\",\"@id\":\"https:\\\/\\\/blogit.metropolia.fi\\\/geroblogi\\\/#breadcrumb\",\"itemListElement\":[{\"@type\":\"ListItem\",\"position\":1,\"name\":\"Etusivu\",\"item\":\"https:\\\/\\\/blogit.metropolia.fi\\\/geroblogi\\\/\"},{\"@type\":\"ListItem\",\"position\":2,\"name\":\"Etusivu\"}]},{\"@type\":\"WebSite\",\"@id\":\"https:\\\/\\\/blogit.metropolia.fi\\\/geroblogi\\\/#website\",\"url\":\"https:\\\/\\\/blogit.metropolia.fi\\\/geroblogi\\\/\",\"name\":\"Geroblogi\",\"description\":\"Mahdollistamme yhdess\u00e4 hyv\u00e4\u00e4 ik\u00e4\u00e4ntymist\u00e4\",\"potentialAction\":[{\"@type\":\"SearchAction\",\"target\":{\"@type\":\"EntryPoint\",\"urlTemplate\":\"https:\\\/\\\/blogit.metropolia.fi\\\/geroblogi\\\/?s={search_term_string}\"},\"query-input\":{\"@type\":\"PropertyValueSpecification\",\"valueRequired\":true,\"valueName\":\"search_term_string\"}}],\"inLanguage\":\"fi\"}]}<\/script>\n<!-- \/ Yoast SEO plugin. -->","yoast_head_json":{"title":"Geroblogi - Metropolian blogit","description":"Geroblogin aiheet k\u00e4sittelev\u00e4t hyv\u00e4n ik\u00e4\u00e4ntymisen mahdollistamista. Kirjoittajina on sek\u00e4 opiskelijoita ett\u00e4 asiantuntijoita.","robots":{"index":"index","follow":"follow","max-snippet":"max-snippet:-1","max-image-preview":"max-image-preview:large","max-video-preview":"max-video-preview:-1"},"canonical":"https:\/\/blogit.metropolia.fi\/geroblogi\/","og_locale":"fi_FI","og_type":"article","og_title":"Geroblogi - Metropolian blogit","og_description":"Geroblogin aiheet k\u00e4sittelev\u00e4t hyv\u00e4n ik\u00e4\u00e4ntymisen mahdollistamista. Kirjoittajina on sek\u00e4 opiskelijoita ett\u00e4 asiantuntijoita.","og_url":"https:\/\/blogit.metropolia.fi\/geroblogi\/","og_site_name":"Geroblogi","article_modified_time":"2024-10-03T11:49:15+00:00","og_image":[{"url":"https:\/\/blogit.metropolia.fi\/geroblogi\/wp-content\/uploads\/sites\/5\/2024\/10\/Tuula-Mikkola.jpg","type":"","width":"","height":""}],"twitter_card":"summary_large_image","twitter_misc":{"Arvioitu lukuaika":"1 minuutti"},"schema":{"@context":"https:\/\/schema.org","@graph":[{"@type":"WebPage","@id":"https:\/\/blogit.metropolia.fi\/geroblogi\/","url":"https:\/\/blogit.metropolia.fi\/geroblogi\/","name":"Geroblogi - Metropolian blogit","isPartOf":{"@id":"https:\/\/blogit.metropolia.fi\/geroblogi\/#website"},"primaryImageOfPage":{"@id":"https:\/\/blogit.metropolia.fi\/geroblogi\/#primaryimage"},"image":{"@id":"https:\/\/blogit.metropolia.fi\/geroblogi\/#primaryimage"},"thumbnailUrl":"https:\/\/blogit.metropolia.fi\/geroblogi\/wp-content\/uploads\/sites\/5\/2024\/10\/Tuula-Mikkola.jpg","datePublished":"2024-09-16T10:54:04+00:00","dateModified":"2024-10-03T11:49:15+00:00","description":"Geroblogin aiheet k\u00e4sittelev\u00e4t hyv\u00e4n ik\u00e4\u00e4ntymisen mahdollistamista. Kirjoittajina on sek\u00e4 opiskelijoita ett\u00e4 asiantuntijoita.","breadcrumb":{"@id":"https:\/\/blogit.metropolia.fi\/geroblogi\/#breadcrumb"},"inLanguage":"fi","potentialAction":[{"@type":"ReadAction","target":["https:\/\/blogit.metropolia.fi\/geroblogi\/"]}]},{"@type":"ImageObject","inLanguage":"fi","@id":"https:\/\/blogit.metropolia.fi\/geroblogi\/#primaryimage","url":"https:\/\/blogit.metropolia.fi\/geroblogi\/wp-content\/uploads\/sites\/5\/2024\/10\/Tuula-Mikkola.jpg","contentUrl":"https:\/\/blogit.metropolia.fi\/geroblogi\/wp-content\/uploads\/sites\/5\/2024\/10\/Tuula-Mikkola.jpg","width":800,"height":800,"caption":"Tuula Mikkola"},{"@type":"BreadcrumbList","@id":"https:\/\/blogit.metropolia.fi\/geroblogi\/#breadcrumb","itemListElement":[{"@type":"ListItem","position":1,"name":"Etusivu","item":"https:\/\/blogit.metropolia.fi\/geroblogi\/"},{"@type":"ListItem","position":2,"name":"Etusivu"}]},{"@type":"WebSite","@id":"https:\/\/blogit.metropolia.fi\/geroblogi\/#website","url":"https:\/\/blogit.metropolia.fi\/geroblogi\/","name":"Geroblogi","description":"Mahdollistamme yhdess\u00e4 hyv\u00e4\u00e4 ik\u00e4\u00e4ntymist\u00e4","potentialAction":[{"@type":"SearchAction","target":{"@type":"EntryPoint","urlTemplate":"https:\/\/blogit.metropolia.fi\/geroblogi\/?s={search_term_string}"},"query-input":{"@type":"PropertyValueSpecification","valueRequired":true,"valueName":"search_term_string"}}],"inLanguage":"fi"}]}},"lang":"fi","translations":{"fi":3},"pll_sync_post":[],"_links":{"self":[{"href":"https:\/\/blogit.metropolia.fi\/geroblogi\/wp-json\/wp\/v2\/pages\/3","targetHints":{"allow":["GET"]}}],"collection":[{"href":"https:\/\/blogit.metropolia.fi\/geroblogi\/wp-json\/wp\/v2\/pages"}],"about":[{"href":"https:\/\/blogit.metropolia.fi\/geroblogi\/wp-json\/wp\/v2\/types\/page"}],"author":[{"embeddable":true,"href":"https:\/\/blogit.metropolia.fi\/geroblogi\/wp-json\/wp\/v2\/users\/3"}],"replies":[{"embeddable":true,"href":"https:\/\/blogit.metropolia.fi\/geroblogi\/wp-json\/wp\/v2\/comments?post=3"}],"version-history":[{"count":13,"href":"https:\/\/blogit.metropolia.fi\/geroblogi\/wp-json\/wp\/v2\/pages\/3\/revisions"}],"predecessor-version":[{"id":615,"href":"https:\/\/blogit.metropolia.fi\/geroblogi\/wp-json\/wp\/v2\/pages\/3\/revisions\/615"}],"wp:attachment":[{"href":"https:\/\/blogit.metropolia.fi\/geroblogi\/wp-json\/wp\/v2\/media?parent=3"}],"curies":[{"name":"wp","href":"https:\/\/api.w.org\/{rel}","templated":true}]}}